Last updated on 2025-11-03 01:49:54 CET.
| Flavor | Version | Tinstall | Tcheck | Ttotal | Status | Flags |
|---|---|---|---|---|---|---|
| r-devel-linux-x86_64-debian-clang | 1.0.2 | 3.26 | 37.46 | 40.72 | NOTE | |
| r-devel-linux-x86_64-debian-gcc | 1.0.2 | 2.37 | 28.19 | 30.56 | NOTE | |
| r-devel-linux-x86_64-fedora-clang | 1.0.2 | 56.97 | OK | |||
| r-devel-linux-x86_64-fedora-gcc | 1.0.2 | 51.41 | OK | |||
| r-devel-windows-x86_64 | 1.0.2 | 4.00 | 72.00 | 76.00 | OK | |
| r-patched-linux-x86_64 | 1.0.2 | 4.97 | 34.96 | 39.93 | OK | |
| r-release-linux-x86_64 | 1.0.2 | 3.23 | 34.94 | 38.17 | OK | |
| r-release-macos-arm64 | 1.0.2 | 2.00 | 18.00 | 20.00 | OK | |
| r-release-macos-x86_64 | 1.0.2 | 3.00 | 37.00 | 40.00 | OK | |
| r-release-windows-x86_64 | 1.0.2 | 5.00 | 69.00 | 74.00 | OK | |
| r-oldrel-macos-arm64 | 1.0.2 | 2.00 | 21.00 | 23.00 | OK | |
| r-oldrel-macos-x86_64 | 1.0.2 | 3.00 | 29.00 | 32.00 | OK | |
| r-oldrel-windows-x86_64 | 1.0.2 | 5.00 | 68.00 | 73.00 | OK |
Version: 1.0.2
Check: CRAN incoming feasibility
Result: NOTE
Maintainer: ‘Timothy Conwell <timconwell@gmail.com>’
No Authors@R field in DESCRIPTION.
Please add one, modifying
Authors@R: person(given = "Timothy",
family = "Conwell",
role = c("aut", "cre"),
email = "timconwell@gmail.com")
as necessary.
Flavors: r-devel-linux-x86_64-debian-clang, r-devel-linux-x86_64-debian-gcc