Last updated on 2025-11-02 01:48:37 CET.
| Flavor | Version | Tinstall | Tcheck | Ttotal | Status | Flags |
|---|---|---|---|---|---|---|
| r-devel-linux-x86_64-debian-clang | 1.0.2 | 27.20 | 31.76 | 58.96 | OK | |
| r-devel-linux-x86_64-debian-gcc | 1.0.2 | 19.87 | 25.60 | 45.47 | OK | |
| r-devel-linux-x86_64-fedora-clang | 1.0.2 | 54.00 | 50.16 | 104.16 | OK | |
| r-devel-linux-x86_64-fedora-gcc | 1.0.2 | 72.00 | 22.37 | 94.37 | OK | |
| r-devel-windows-x86_64 | 1.0.2 | 32.00 | 68.00 | 100.00 | OK | |
| r-patched-linux-x86_64 | 1.0.2 | 28.51 | 32.08 | 60.59 | OK | |
| r-release-linux-x86_64 | 1.0.2 | 27.82 | 32.32 | 60.14 | OK | |
| r-release-macos-arm64 | 1.0.2 | 16.00 | 27.00 | 43.00 | OK | |
| r-release-macos-x86_64 | 1.0.2 | 21.00 | 28.00 | 49.00 | OK | |
| r-release-windows-x86_64 | 1.0.2 | 30.00 | 68.00 | 98.00 | OK | |
| r-oldrel-macos-arm64 | 1.0.2 | 16.00 | 25.00 | 41.00 | NOTE | |
| r-oldrel-macos-x86_64 | 1.0.2 | 16.00 | 30.00 | 46.00 | NOTE | |
| r-oldrel-windows-x86_64 | 1.0.2 | 40.00 | 83.00 | 123.00 | OK |
Version: 1.0.2
Check: installed package size
Result: NOTE
installed size is 5.3Mb
sub-directories of 1Mb or more:
libs 5.2Mb
Flavors: r-oldrel-macos-arm64, r-oldrel-macos-x86_64