Last updated on 2024-07-22 01:49:25 CEST.
Flavor | Version | Tinstall | Tcheck | Ttotal | Status | Flags |
---|---|---|---|---|---|---|
r-devel-linux-x86_64-debian-clang | 1.3.3 | 244.87 | 43.97 | 288.84 | OK | |
r-devel-linux-x86_64-debian-gcc | 1.3.3 | 177.47 | 33.06 | 210.53 | OK | |
r-devel-linux-x86_64-fedora-clang | 1.3.3 | 437.72 | OK | |||
r-devel-linux-x86_64-fedora-gcc | 1.3.3 | 490.47 | OK | |||
r-devel-windows-x86_64 | 1.3.3 | 182.00 | 91.00 | 273.00 | OK | |
r-patched-linux-x86_64 | 1.3.3 | 238.73 | 41.15 | 279.88 | OK | |
r-release-linux-x86_64 | 1.3.3 | 201.34 | 40.45 | 241.79 | OK | |
r-release-macos-arm64 | 1.3.3 | 80.00 | NOTE | |||
r-release-macos-x86_64 | 1.3.3 | 71.00 | NOTE | |||
r-release-windows-x86_64 | 1.3.3 | 202.00 | 86.00 | 288.00 | OK | |
r-oldrel-macos-arm64 | 1.3.3 | 84.00 | NOTE | |||
r-oldrel-macos-x86_64 | 1.3.3 | 102.00 | NOTE | |||
r-oldrel-windows-x86_64 | 1.3.3 | 248.00 | 96.00 | 344.00 | OK |
Version: 1.3.3
Check: installed package size
Result: NOTE
installed size is 15.1Mb
sub-directories of 1Mb or more:
libs 14.8Mb
Flavors: r-release-macos-arm64, r-release-macos-x86_64, r-oldrel-macos-arm64, r-oldrel-macos-x86_64