Last updated on 2025-10-31 00:51:05 CET.
| Flavor | Version | Tinstall | Tcheck | Ttotal | Status | Flags | 
|---|---|---|---|---|---|---|
| r-devel-linux-x86_64-debian-clang | 1.9 | 4.57 | 30.12 | 34.69 | NOTE | |
| r-devel-linux-x86_64-debian-gcc | 1.9 | 3.47 | 23.64 | 27.11 | NOTE | |
| r-devel-linux-x86_64-fedora-clang | 1.9 | 51.14 | NOTE | |||
| r-devel-linux-x86_64-fedora-gcc | 1.9 | 10.00 | 42.47 | 52.47 | NOTE | |
| r-devel-windows-x86_64 | 1.9 | 8.00 | 63.00 | 71.00 | NOTE | |
| r-patched-linux-x86_64 | 1.9 | 4.73 | 30.46 | 35.19 | NOTE | |
| r-release-linux-x86_64 | 1.9 | 4.51 | 30.75 | 35.26 | NOTE | |
| r-release-macos-arm64 | 1.9 | 3.00 | 20.00 | 23.00 | NOTE | |
| r-release-macos-x86_64 | 1.9 | 6.00 | 51.00 | 57.00 | NOTE | |
| r-release-windows-x86_64 | 1.9 | 8.00 | 63.00 | 71.00 | NOTE | |
| r-oldrel-macos-arm64 | 1.9 | 3.00 | 25.00 | 28.00 | NOTE | |
| r-oldrel-macos-x86_64 | 1.9 | 4.00 | 27.00 | 31.00 | NOTE | |
| r-oldrel-windows-x86_64 | 1.9 | 7.00 | 58.00 | 65.00 | NOTE | 
Version: 1.9
Check: CRAN incoming feasibility
Result: NOTE
  Maintainer: ‘Jacob Bien <jbien@usc.edu>’
  
  No Authors@R field in DESCRIPTION.
  Please add one, modifying
    Authors@R: c(person(given = "Jacob",
                        family = "Bien",
                        role = c("aut", "cre"),
                        email = "jbien@usc.edu"),
                 person(given = "Rob",
                        family = "Tibshirani",
                        role = "aut"))
  as necessary.
Flavors: r-devel-linux-x86_64-debian-clang, r-devel-linux-x86_64-debian-gcc
Version: 1.9
Check: Rd files
Result: NOTE
  checkRd: (-1) hierNet.Rd:28: Lost braces; missing escapes or markup?
      28 |     terms, th_{jj}X_j^2, in the model.  Default TRUE.}
         |               ^
  checkRd: (-1) hierNet.logistic.Rd:30: Lost braces; missing escapes or markup?
      30 |     terms, th_{jj}X_j^2, in the model.  Default TRUE.}  
         |               ^
  checkRd: (-1) hierNet.logistic.Rd:63: Lost braces
      63 | \seealso{\link{predict.hierNet.logistic},link{hierNet.logistic.path}}
         |                                              ^
  checkRd: (-1) hierNet.logistic.path.Rd:39: Lost braces; missing escapes or markup?
      39 |   terms, th_{jj}X_j^2, in the model.  Default TRUE.}
         |             ^
  checkRd: (-1) hierNet.path.Rd:38: Lost braces; missing escapes or markup?
      38 |   terms, th_{jj}X_j^2, in the model.  Default TRUE.}
         |             ^
Flavors: r-devel-linux-x86_64-debian-clang, r-devel-linux-x86_64-debian-gcc, r-devel-linux-x86_64-fedora-clang, r-devel-linux-x86_64-fedora-gcc, r-devel-windows-x86_64, r-patched-linux-x86_64, r-release-linux-x86_64, r-release-macos-arm64, r-release-macos-x86_64, r-release-windows-x86_64, r-oldrel-macos-arm64, r-oldrel-macos-x86_64, r-oldrel-windows-x86_64