Last updated on 2025-10-31 00:51:05 CET.
| Flavor | Version | Tinstall | Tcheck | Ttotal | Status | Flags | 
|---|---|---|---|---|---|---|
| r-devel-linux-x86_64-debian-clang | 0.9.17 | 2.20 | 29.23 | 31.43 | NOTE | |
| r-devel-linux-x86_64-debian-gcc | 0.9.17 | 1.89 | 23.52 | 25.41 | NOTE | |
| r-devel-linux-x86_64-fedora-clang | 0.9.17 | 48.74 | OK | |||
| r-devel-linux-x86_64-fedora-gcc | 0.9.17 | 67.77 | OK | |||
| r-devel-windows-x86_64 | 0.9.17 | 3.00 | 47.00 | 50.00 | OK | |
| r-patched-linux-x86_64 | 0.9.17 | 2.61 | 28.11 | 30.72 | OK | |
| r-release-linux-x86_64 | 0.9.17 | 2.39 | 27.91 | 30.30 | OK | |
| r-release-macos-arm64 | 0.9.17 | 2.00 | 24.00 | 26.00 | OK | |
| r-release-macos-x86_64 | 0.9.17 | 2.00 | 53.00 | 55.00 | OK | |
| r-release-windows-x86_64 | 0.9.17 | 3.00 | 48.00 | 51.00 | OK | |
| r-oldrel-macos-arm64 | 0.9.17 | 1.00 | 24.00 | 25.00 | OK | |
| r-oldrel-macos-x86_64 | 0.9.17 | 2.00 | 38.00 | 40.00 | OK | |
| r-oldrel-windows-x86_64 | 0.9.17 | 4.00 | 55.00 | 59.00 | OK | 
Version: 0.9.17
Check: CRAN incoming feasibility
Result: NOTE
  Maintainer: ‘Thomas Lumley <t.lumley@auckland.ac.nz>’
  
  No Authors@R field in DESCRIPTION.
  Please add one, modifying
    Authors@R: person(given = "Thomas",
                      family = "Lumley",
                      role = c("aut", "cre"),
                      email = "t.lumley@auckland.ac.nz",
                      comment = "Jie Fu Yu made a prototype")
  as necessary.
Flavors: r-devel-linux-x86_64-debian-clang, r-devel-linux-x86_64-debian-gcc