Last updated on 2025-10-31 00:51:05 CET.
| Flavor | Version | Tinstall | Tcheck | Ttotal | Status | Flags | 
|---|---|---|---|---|---|---|
| r-devel-linux-x86_64-debian-clang | 1.0.1 | 2.66 | 43.90 | 46.56 | NOTE | |
| r-devel-linux-x86_64-debian-gcc | 1.0.1 | 1.89 | 34.60 | 36.49 | NOTE | |
| r-devel-linux-x86_64-fedora-clang | 1.0.1 | 71.40 | OK | |||
| r-devel-linux-x86_64-fedora-gcc | 1.0.1 | 79.69 | OK | |||
| r-devel-windows-x86_64 | 1.0.1 | 4.00 | 55.00 | 59.00 | OK | |
| r-patched-linux-x86_64 | 1.0.1 | 2.55 | 41.70 | 44.25 | OK | |
| r-release-linux-x86_64 | 1.0.1 | 2.63 | 42.14 | 44.77 | OK | |
| r-release-macos-arm64 | 1.0.1 | 1.00 | 39.00 | 40.00 | OK | |
| r-release-macos-x86_64 | 1.0.1 | 2.00 | 55.00 | 57.00 | OK | |
| r-release-windows-x86_64 | 1.0.1 | 5.00 | 59.00 | 64.00 | OK | |
| r-oldrel-macos-arm64 | 1.0.1 | 1.00 | 29.00 | 30.00 | OK | |
| r-oldrel-macos-x86_64 | 1.0.1 | 2.00 | 43.00 | 45.00 | OK | |
| r-oldrel-windows-x86_64 | 1.0.1 | 6.00 | 68.00 | 74.00 | OK | 
Version: 1.0.1
Check: CRAN incoming feasibility
Result: NOTE
  Maintainer: ‘Raoul Wadhwa <raoulwadhwa@gmail.com>’
  
  Package CITATION file contains call(s) to old-style citEntry().  Please
  use bibentry() instead.
Flavors: r-devel-linux-x86_64-debian-clang, r-devel-linux-x86_64-debian-gcc