Last updated on 2025-10-31 00:51:05 CET.
| Flavor | Version | Tinstall | Tcheck | Ttotal | Status | Flags | 
|---|---|---|---|---|---|---|
| r-devel-linux-x86_64-debian-clang | 1.1.5 | 1.87 | 25.38 | 27.25 | NOTE | |
| r-devel-linux-x86_64-debian-gcc | 1.1.5 | 1.84 | 20.02 | 21.86 | NOTE | |
| r-devel-linux-x86_64-fedora-clang | 1.1.5 | 41.76 | OK | |||
| r-devel-linux-x86_64-fedora-gcc | 1.1.5 | 35.66 | OK | |||
| r-devel-windows-x86_64 | 1.1.5 | 3.00 | 48.00 | 51.00 | OK | |
| r-patched-linux-x86_64 | 1.1.5 | 2.31 | 23.72 | 26.03 | OK | |
| r-release-linux-x86_64 | 1.1.5 | 1.81 | 24.07 | 25.88 | OK | |
| r-release-macos-arm64 | 1.1.5 | 1.00 | 17.00 | 18.00 | OK | |
| r-release-macos-x86_64 | 1.1.5 | 3.00 | 29.00 | 32.00 | OK | |
| r-release-windows-x86_64 | 1.1.5 | 5.00 | 49.00 | 54.00 | OK | |
| r-oldrel-macos-arm64 | 1.1.5 | 1.00 | 17.00 | 18.00 | OK | |
| r-oldrel-macos-x86_64 | 1.1.5 | 2.00 | 21.00 | 23.00 | OK | |
| r-oldrel-windows-x86_64 | 1.1.5 | 5.00 | 52.00 | 57.00 | OK | 
Version: 1.1.5
Check: CRAN incoming feasibility
Result: NOTE
  Maintainer: ‘Rounak Dey <deyrnk@umich.edu>’
  
  No Authors@R field in DESCRIPTION.
  Please add one, modifying
    Authors@R: c(person(given = "Rounak",
                        family = "Dey",
                        role = c("aut", "cre"),
                        email = "deyrnk@umich.edu"),
                 person(given = "Seunggeun",
                        family = "Lee",
                        role = "aut"))
  as necessary.
Flavors: r-devel-linux-x86_64-debian-clang, r-devel-linux-x86_64-debian-gcc