Last updated on 2025-10-31 00:51:05 CET.
| Flavor | Version | Tinstall | Tcheck | Ttotal | Status | Flags | 
|---|---|---|---|---|---|---|
| r-devel-linux-x86_64-debian-clang | 0.2-14 | 1.96 | 27.99 | 29.95 | NOTE | |
| r-devel-linux-x86_64-debian-gcc | 0.2-14 | 1.88 | 21.44 | 23.32 | NOTE | |
| r-devel-linux-x86_64-fedora-clang | 0.2-14 | 16.00 | 32.50 | 48.50 | OK | |
| r-devel-linux-x86_64-fedora-gcc | 0.2-14 | 12.00 | 32.32 | 44.32 | OK | |
| r-devel-windows-x86_64 | 0.2-14 | 3.00 | 50.00 | 53.00 | OK | |
| r-patched-linux-x86_64 | 0.2-14 | 2.52 | 26.37 | 28.89 | OK | |
| r-release-linux-x86_64 | 0.2-14 | 2.54 | 26.80 | 29.34 | OK | |
| r-release-macos-arm64 | 0.2-14 | 2.00 | 20.00 | 22.00 | OK | |
| r-release-macos-x86_64 | 0.2-14 | 2.00 | 29.00 | 31.00 | OK | |
| r-release-windows-x86_64 | 0.2-14 | 4.00 | 52.00 | 56.00 | OK | |
| r-oldrel-macos-arm64 | 0.2-14 | 1.00 | 18.00 | 19.00 | OK | |
| r-oldrel-macos-x86_64 | 0.2-14 | 2.00 | 23.00 | 25.00 | OK | |
| r-oldrel-windows-x86_64 | 0.2-14 | 5.00 | 55.00 | 60.00 | OK | 
Version: 0.2-14
Check: CRAN incoming feasibility
Result: NOTE
  Maintainer: ‘Gero Szepannek <gero.szepannek@web.de>’
  
  No Authors@R field in DESCRIPTION.
  Please add one, modifying
    Authors@R: person(given = "Gero",
                      family = "Szepannek",
                      role = c("aut", "cre"),
                      email = "gero.szepannek@web.de")
  as necessary.
Flavors: r-devel-linux-x86_64-debian-clang, r-devel-linux-x86_64-debian-gcc