Last updated on 2025-10-31 00:51:05 CET.
| Flavor | Version | Tinstall | Tcheck | Ttotal | Status | Flags | 
|---|---|---|---|---|---|---|
| r-devel-linux-x86_64-debian-clang | 1.1.2 | 2.33 | 33.27 | 35.60 | NOTE | |
| r-devel-linux-x86_64-debian-gcc | 1.1.2 | 1.72 | 26.64 | 28.36 | NOTE | |
| r-devel-linux-x86_64-fedora-clang | 1.1.2 | 14.00 | 42.13 | 56.13 | NOTE | |
| r-devel-linux-x86_64-fedora-gcc | 1.1.2 | 60.93 | NOTE | |||
| r-devel-windows-x86_64 | 1.1.2 | 3.00 | 60.00 | 63.00 | NOTE | |
| r-patched-linux-x86_64 | 1.1.2 | 2.63 | 31.40 | 34.03 | NOTE | |
| r-release-linux-x86_64 | 1.1.2 | 2.49 | 31.34 | 33.83 | NOTE | |
| r-release-macos-arm64 | 1.1.2 | 1.00 | 26.00 | 27.00 | NOTE | |
| r-release-macos-x86_64 | 1.1.2 | 2.00 | 51.00 | 53.00 | NOTE | |
| r-release-windows-x86_64 | 1.1.2 | 5.00 | 63.00 | 68.00 | NOTE | |
| r-oldrel-macos-arm64 | 1.1.2 | 1.00 | 23.00 | 24.00 | NOTE | |
| r-oldrel-macos-x86_64 | 1.1.2 | 2.00 | 43.00 | 45.00 | NOTE | |
| r-oldrel-windows-x86_64 | 1.1.2 | 5.00 | 65.00 | 70.00 | NOTE | 
Version: 1.1.2
Check: CRAN incoming feasibility
Result: NOTE
  Maintainer: ‘Michael P. Fay <mfay@niaid.nih.gov>’
  
  No Authors@R field in DESCRIPTION.
  Please add one, modifying
    Authors@R: person(given = c("Michael", "P."),
                      family = "Fay",
                      role = c("aut", "cre"),
                      email = "mfay@niaid.nih.gov")
  as necessary.
Flavors: r-devel-linux-x86_64-debian-clang, r-devel-linux-x86_64-debian-gcc
Version: 1.1.2
Check: Rd files
Result: NOTE
  checkRd: (-1) deff.sigma.Rd:28: Lost braces in \itemize; meant \describe ?
  checkRd: (-1) deff.sigma.Rd:29: Lost braces in \itemize; meant \describe ?
  checkRd: (-1) deff.sigma.Rd:30: Lost braces in \itemize; meant \describe ?
  checkRd: (-1) deff.sigma.Rd:31: Lost braces in \itemize; meant \describe ?
  checkRd: (-1) deff.sigma.Rd:32: Lost braces in \itemize; meant \describe ?
  checkRd: (-1) deff.sigma.Rd:33: Lost braces in \itemize; meant \describe ?
  checkRd: (-1) deff.sigma.Rd:34: Lost braces in \itemize; meant \describe ?
  checkRd: (-1) deff.sigma.Rd:35: Lost braces in \itemize; meant \describe ?
Flavors: r-devel-linux-x86_64-debian-clang, r-devel-linux-x86_64-debian-gcc, r-devel-linux-x86_64-fedora-clang, r-devel-linux-x86_64-fedora-gcc, r-devel-windows-x86_64, r-patched-linux-x86_64, r-release-linux-x86_64, r-release-macos-arm64, r-release-macos-x86_64, r-release-windows-x86_64, r-oldrel-macos-arm64, r-oldrel-macos-x86_64, r-oldrel-windows-x86_64