Last updated on 2025-10-31 00:51:05 CET.
| Flavor | Version | Tinstall | Tcheck | Ttotal | Status | Flags | 
|---|---|---|---|---|---|---|
| r-devel-linux-x86_64-debian-clang | 0.1.0 | 3.36 | 35.96 | 39.32 | NOTE | |
| r-devel-linux-x86_64-debian-gcc | 0.1.0 | 2.66 | 27.23 | 29.89 | NOTE | |
| r-devel-linux-x86_64-fedora-clang | 0.1.0 | 15.00 | 49.77 | 64.77 | OK | |
| r-devel-linux-x86_64-fedora-gcc | 0.1.0 | 55.20 | OK | |||
| r-devel-windows-x86_64 | 0.1.0 | 5.00 | 53.00 | 58.00 | OK | |
| r-patched-linux-x86_64 | 0.1.0 | 3.71 | 34.11 | 37.82 | OK | |
| r-release-linux-x86_64 | 0.1.0 | 3.16 | 34.30 | 37.46 | OK | |
| r-release-macos-arm64 | 0.1.0 | 2.00 | 23.00 | 25.00 | OK | |
| r-release-macos-x86_64 | 0.1.0 | 3.00 | 30.00 | 33.00 | OK | |
| r-release-windows-x86_64 | 0.1.0 | 5.00 | 53.00 | 58.00 | OK | |
| r-oldrel-macos-arm64 | 0.1.0 | 1.00 | 20.00 | 21.00 | OK | |
| r-oldrel-macos-x86_64 | 0.1.0 | 2.00 | 27.00 | 29.00 | OK | |
| r-oldrel-windows-x86_64 | 0.1.0 | 6.00 | 63.00 | 69.00 | OK | 
Version: 0.1.0
Check: CRAN incoming feasibility
Result: NOTE
  Maintainer: ‘Sohyun Park <park.2627@osu.edu>’
  
  No Authors@R field in DESCRIPTION.
  Please add one, modifying
    Authors@R: c(person(given = "Sohyun",
                        family = "Park",
                        role = c("aut", "cre"),
                        email = "park.2627@osu.edu"),
                 person(given = "Ningchuan",
                        family = "Xiao",
                        role = "aut"))
  as necessary.
Flavors: r-devel-linux-x86_64-debian-clang, r-devel-linux-x86_64-debian-gcc