Last updated on 2025-11-01 01:50:33 CET.
| Flavor | Version | Tinstall | Tcheck | Ttotal | Status | Flags |
|---|---|---|---|---|---|---|
| r-devel-linux-x86_64-debian-clang | 1.0.2 | 4.53 | 40.78 | 45.31 | NOTE | |
| r-devel-linux-x86_64-debian-gcc | 1.0.2 | 3.33 | 31.79 | 35.12 | NOTE | |
| r-devel-linux-x86_64-fedora-clang | 1.0.2 | 21.00 | 49.71 | 70.71 | OK | |
| r-devel-linux-x86_64-fedora-gcc | 1.0.2 | 59.85 | OK | |||
| r-devel-windows-x86_64 | 1.0.2 | 5.00 | 54.00 | 59.00 | OK | |
| r-patched-linux-x86_64 | 1.0.2 | 3.42 | 37.44 | 40.86 | OK | |
| r-release-linux-x86_64 | 1.0.2 | 4.11 | 37.34 | 41.45 | OK | |
| r-release-macos-arm64 | 1.0.2 | 3.00 | 37.00 | 40.00 | OK | |
| r-release-macos-x86_64 | 1.0.2 | 5.00 | 45.00 | 50.00 | OK | |
| r-release-windows-x86_64 | 1.0.2 | 6.00 | 55.00 | 61.00 | OK | |
| r-oldrel-macos-arm64 | 1.0.2 | 2.00 | 23.00 | 25.00 | OK | |
| r-oldrel-macos-x86_64 | 1.0.2 | 3.00 | 35.00 | 38.00 | OK | |
| r-oldrel-windows-x86_64 | 1.0.2 | 7.00 | 66.00 | 73.00 | OK |
Version: 1.0.2
Check: CRAN incoming feasibility
Result: NOTE
Maintainer: ‘Chris Muir <cdmuir@hawaii.edu>’
Package CITATION file contains call(s) to old-style citEntry(). Please
use bibentry() instead.
Flavors: r-devel-linux-x86_64-debian-clang, r-devel-linux-x86_64-debian-gcc