Last updated on 2024-08-25 02:48:23 CEST.
Flavor | Version | Tinstall | Tcheck | Ttotal | Status | Flags |
---|---|---|---|---|---|---|
r-devel-linux-x86_64-debian-clang | 1.1.0 | 4.22 | 360.86 | 365.08 | OK | |
r-devel-linux-x86_64-debian-gcc | 1.1.0 | 2.69 | 267.80 | 270.49 | OK | |
r-devel-linux-x86_64-fedora-clang | 1.1.0 | 563.25 | NOTE | |||
r-devel-linux-x86_64-fedora-gcc | 1.1.0 | 585.78 | NOTE | |||
r-devel-windows-x86_64 | 1.1.0 | 6.00 | 454.00 | 460.00 | OK | |
r-patched-linux-x86_64 | 1.1.0 | 4.36 | 375.50 | 379.86 | OK | |
r-release-linux-x86_64 | 1.1.0 | 3.78 | 373.63 | 377.41 | OK | |
r-release-macos-arm64 | 1.1.0 | 242.00 | OK | |||
r-release-macos-x86_64 | 1.1.0 | 334.00 | OK | |||
r-release-windows-x86_64 | 1.1.0 | 6.00 | 456.00 | 462.00 | OK | |
r-oldrel-macos-arm64 | 1.1.0 | 269.00 | OK | |||
r-oldrel-macos-x86_64 | 1.1.0 | 451.00 | OK | |||
r-oldrel-windows-x86_64 | 1.1.0 | 6.00 | 450.00 | 456.00 | OK |
Version: 1.1.0
Check: dependencies in R code
Result: NOTE
Namespace in Imports field not imported from: ‘msm’
All declared Imports should be used.
Flavors: r-devel-linux-x86_64-fedora-clang, r-devel-linux-x86_64-fedora-gcc