Last updated on 2025-10-31 00:51:05 CET.
| Flavor | Version | Tinstall | Tcheck | Ttotal | Status | Flags | 
|---|---|---|---|---|---|---|
| r-devel-linux-x86_64-debian-clang | 1.8.0 | 14.82 | 210.14 | 224.96 | NOTE | |
| r-devel-linux-x86_64-debian-gcc | 1.8.0 | 10.17 | 146.25 | 156.42 | NOTE | |
| r-devel-linux-x86_64-fedora-clang | 1.8.0 | 63.00 | 304.73 | 367.73 | NOTE | |
| r-devel-linux-x86_64-fedora-gcc | 1.8.0 | 30.00 | 310.78 | 340.78 | NOTE | |
| r-devel-windows-x86_64 | 1.8.0 | 18.00 | 207.00 | 225.00 | OK | |
| r-patched-linux-x86_64 | 1.8.0 | 15.98 | 200.47 | 216.45 | OK | |
| r-release-linux-x86_64 | 1.8.0 | 12.60 | 200.01 | 212.61 | OK | |
| r-release-macos-arm64 | 1.8.0 | 5.00 | 80.00 | 85.00 | OK | |
| r-release-macos-x86_64 | 1.8.0 | 14.00 | 152.00 | 166.00 | OK | |
| r-release-windows-x86_64 | 1.8.0 | 23.00 | 204.00 | 227.00 | OK | |
| r-oldrel-macos-arm64 | 1.8.0 | 6.00 | 78.00 | 84.00 | OK | |
| r-oldrel-macos-x86_64 | 1.8.0 | 8.00 | 119.00 | 127.00 | OK | |
| r-oldrel-windows-x86_64 | 1.8.0 | 26.00 | 267.00 | 293.00 | OK | 
Version: 1.8.0
Check: CRAN incoming feasibility
Result: NOTE
  Maintainer: ‘Paul Savary <psavary@protonmail.com>’
  
  Package CITATION file contains call(s) to old-style personList() or
  as.personList().  Please use c() on person objects instead.
  Package CITATION file contains call(s) to old-style citEntry().  Please
  use bibentry() instead.
Flavors: r-devel-linux-x86_64-debian-clang, r-devel-linux-x86_64-debian-gcc
Version: 1.8.0
Check: dependencies in R code
Result: NOTE
  Namespace in Imports field not imported from: ‘Rdpack’
    All declared Imports should be used.
Flavors: r-devel-linux-x86_64-fedora-clang, r-devel-linux-x86_64-fedora-gcc