Last updated on 2025-10-31 00:51:05 CET.
| Flavor | Version | Tinstall | Tcheck | Ttotal | Status | Flags | 
|---|---|---|---|---|---|---|
| r-devel-linux-x86_64-debian-clang | 1.0.0 | 2.94 | 33.30 | 36.24 | NOTE | |
| r-devel-linux-x86_64-debian-gcc | 1.0.0 | 2.02 | 25.06 | 27.08 | NOTE | |
| r-devel-linux-x86_64-fedora-clang | 1.0.0 | 15.00 | 41.69 | 56.69 | OK | |
| r-devel-linux-x86_64-fedora-gcc | 1.0.0 | 51.20 | OK | |||
| r-devel-windows-x86_64 | 1.0.0 | 5.00 | 52.00 | 57.00 | OK | |
| r-patched-linux-x86_64 | 1.0.0 | 2.72 | 31.40 | 34.12 | OK | |
| r-release-linux-x86_64 | 1.0.0 | 2.86 | 31.44 | 34.30 | OK | |
| r-release-macos-arm64 | 1.0.0 | 2.00 | 24.00 | 26.00 | OK | |
| r-release-macos-x86_64 | 1.0.0 | 2.00 | 29.00 | 31.00 | OK | |
| r-release-windows-x86_64 | 1.0.0 | 5.00 | 52.00 | 57.00 | OK | |
| r-oldrel-macos-arm64 | 1.0.0 | 1.00 | 18.00 | 19.00 | NOTE | |
| r-oldrel-macos-x86_64 | 1.0.0 | 2.00 | 24.00 | 26.00 | NOTE | |
| r-oldrel-windows-x86_64 | 1.0.0 | 6.00 | 59.00 | 65.00 | NOTE | 
Version: 1.0.0
Check: CRAN incoming feasibility
Result: NOTE
  Maintainer: ‘Mayooran Thevaraja <mayooran@eng.jfn.ac.lk>’
  
  Found the following URLs which should use \doi (with the DOI name only):
    File ‘prob_accept.Rd’:
      https://doi.org/10.1109/ICC.2006.255040
      https://doi.org/10.1016/j.foodcont.2013.02.021
    File ‘prob_contaminant.Rd’:
      https://doi.org/10.2307/1427041
Flavors: r-devel-linux-x86_64-debian-clang, r-devel-linux-x86_64-debian-gcc
Version: 1.0.0
Check: LazyData
Result: NOTE
    'LazyData' is specified without a 'data' directory
Flavors: r-oldrel-macos-arm64, r-oldrel-macos-x86_64, r-oldrel-windows-x86_64