Last updated on 2025-10-31 00:51:05 CET.
| Flavor | Version | Tinstall | Tcheck | Ttotal | Status | Flags | 
|---|---|---|---|---|---|---|
| r-devel-linux-x86_64-debian-clang | 0.1.2 | 5.86 | 66.68 | 72.54 | NOTE | |
| r-devel-linux-x86_64-debian-gcc | 0.1.2 | 4.41 | 47.27 | 51.68 | NOTE | |
| r-devel-linux-x86_64-fedora-clang | 0.1.2 | 28.00 | 90.29 | 118.29 | NOTE | |
| r-devel-linux-x86_64-fedora-gcc | 0.1.2 | 12.00 | 93.62 | 105.62 | NOTE | |
| r-devel-windows-x86_64 | 0.1.2 | 8.00 | 79.00 | 87.00 | NOTE | |
| r-patched-linux-x86_64 | 0.1.2 | 6.13 | 63.01 | 69.14 | NOTE | |
| r-release-linux-x86_64 | 0.1.2 | 6.02 | 62.64 | 68.66 | NOTE | |
| r-release-macos-arm64 | 0.1.2 | 3.00 | 35.00 | 38.00 | OK | |
| r-release-macos-x86_64 | 0.1.2 | 5.00 | 44.00 | 49.00 | OK | |
| r-release-windows-x86_64 | 0.1.2 | 9.00 | 78.00 | 87.00 | NOTE | |
| r-oldrel-macos-arm64 | 0.1.2 | 3.00 | 25.00 | 28.00 | OK | |
| r-oldrel-macos-x86_64 | 0.1.2 | 4.00 | 49.00 | 53.00 | OK | |
| r-oldrel-windows-x86_64 | 0.1.2 | 10.00 | 96.00 | 106.00 | OK | 
Version: 0.1.2
Check: CRAN incoming feasibility
Result: NOTE
  Maintainer: ‘Arne B. Gjuvsland <arne.gjuvsland@nmbu.no>’
  
  No Authors@R field in DESCRIPTION.
  Please add one, modifying
    Authors@R: c(person(given = c("Arne", "B."),
                        family = "Gjuvsland",
                        role = c("aut", "cre"),
                        email = "arne.gjuvsland@nmbu.no"),
                 person(given = "Yunpeng",
                        family = "Wang",
                        role = "aut",
                        email = "yunpeng.wng@gmail.com"))
  as necessary.
Flavors: r-devel-linux-x86_64-debian-clang, r-devel-linux-x86_64-debian-gcc
Version: 0.1.2
Check: differences from ‘gpmap-Ex.Rout’ to ‘gpmap-Ex.Rout.save’
Result: NOTE
  419,427d418
  < Warning: `aes_string()` was deprecated in ggplot2 3.0.0.
  < ℹ Please use tidy evaluation idioms with `aes()`.
  < ℹ See also `vignette("ggplot2-in-packages")` for more information.
  < ℹ The deprecated feature was likely used in the gpmap package.
  <   Please report the issue to the authors.
  < Warning: Using `size` aesthetic for lines was deprecated in ggplot2 3.4.0.
  < ℹ Please use `linewidth` instead.
  < ℹ The deprecated feature was likely used in the gpmap package.
  <   Please report the issue to the authors.
Flavors: r-devel-linux-x86_64-debian-clang, r-devel-linux-x86_64-debian-gcc, r-devel-linux-x86_64-fedora-clang, r-devel-linux-x86_64-fedora-gcc, r-devel-windows-x86_64, r-patched-linux-x86_64, r-release-linux-x86_64, r-release-windows-x86_64
Version: 0.1.2
Check: tests
Result: NOTE
    Running ‘genotype_test.R’ [2s/2s]
    Comparing ‘genotype_test.Rout’ to ‘genotype_test.Rout.save’ ... OK
    Running ‘test_code_example.R’ [4s/5s]
    Comparing ‘test_code_example.Rout’ to ‘test_code_example.Rout.save’ ...27,36d26
  < Warning messages:
  < 1: `aes_string()` was deprecated in ggplot2 3.0.0.
  < ℹ Please use tidy evaluation idioms with `aes()`.
  < ℹ See also `vignette("ggplot2-in-packages")` for more information.
  < ℹ The deprecated feature was likely used in the gpmap package.
  <   Please report the issue to the authors. 
  < 2: Using `size` aesthetic for lines was deprecated in ggplot2 3.4.0.
  < ℹ Please use `linewidth` instead.
  < ℹ The deprecated feature was likely used in the gpmap package.
  <   Please report the issue to the authors.
Flavors: r-devel-linux-x86_64-debian-clang, r-patched-linux-x86_64
Version: 0.1.2
Check: tests
Result: NOTE
    Running ‘genotype_test.R’ [1s/1s]
    Comparing ‘genotype_test.Rout’ to ‘genotype_test.Rout.save’ ... OK
    Running ‘test_code_example.R’ [3s/3s]
    Comparing ‘test_code_example.Rout’ to ‘test_code_example.Rout.save’ ...27,36d26
  < Warning messages:
  < 1: `aes_string()` was deprecated in ggplot2 3.0.0.
  < ℹ Please use tidy evaluation idioms with `aes()`.
  < ℹ See also `vignette("ggplot2-in-packages")` for more information.
  < ℹ The deprecated feature was likely used in the gpmap package.
  <   Please report the issue to the authors. 
  < 2: Using `size` aesthetic for lines was deprecated in ggplot2 3.4.0.
  < ℹ Please use `linewidth` instead.
  < ℹ The deprecated feature was likely used in the gpmap package.
  <   Please report the issue to the authors.
Flavor: r-devel-linux-x86_64-debian-gcc
Version: 0.1.2
Check: tests
Result: NOTE
    Running ‘genotype_test.R’
    Comparing ‘genotype_test.Rout’ to ‘genotype_test.Rout.save’ ... OK
    Running ‘test_code_example.R’ [6s/16s]
    Comparing ‘test_code_example.Rout’ to ‘test_code_example.Rout.save’ ...27,36d26
  < Warning messages:
  < 1: `aes_string()` was deprecated in ggplot2 3.0.0.
  < ℹ Please use tidy evaluation idioms with `aes()`.
  < ℹ See also `vignette("ggplot2-in-packages")` for more information.
  < ℹ The deprecated feature was likely used in the gpmap package.
  <   Please report the issue to the authors. 
  < 2: Using `size` aesthetic for lines was deprecated in ggplot2 3.4.0.
  < ℹ Please use `linewidth` instead.
  < ℹ The deprecated feature was likely used in the gpmap package.
  <   Please report the issue to the authors.
Flavor: r-devel-linux-x86_64-fedora-clang
Version: 0.1.2
Check: tests
Result: NOTE
    Running ‘genotype_test.R’
    Comparing ‘genotype_test.Rout’ to ‘genotype_test.Rout.save’ ... OK
    Running ‘test_code_example.R’
    Comparing ‘test_code_example.Rout’ to ‘test_code_example.Rout.save’ ...27,36d26
  < Warning messages:
  < 1: `aes_string()` was deprecated in ggplot2 3.0.0.
  < ℹ Please use tidy evaluation idioms with `aes()`.
  < ℹ See also `vignette("ggplot2-in-packages")` for more information.
  < ℹ The deprecated feature was likely used in the gpmap package.
  <   Please report the issue to the authors. 
  < 2: Using `size` aesthetic for lines was deprecated in ggplot2 3.4.0.
  < ℹ Please use `linewidth` instead.
  < ℹ The deprecated feature was likely used in the gpmap package.
  <   Please report the issue to the authors.
Flavor: r-devel-linux-x86_64-fedora-gcc
Version: 0.1.2
Check: tests
Result: NOTE
    Running 'genotype_test.R' [2s]
    Comparing 'genotype_test.Rout' to 'genotype_test.Rout.save' ... OK
    Running 'test_code_example.R' [3s]
    Comparing 'test_code_example.Rout' to 'test_code_example.Rout.save' ...27,36d26
  < Warning messages:
  < 1: `aes_string()` was deprecated in ggplot2 3.0.0.
  < ℹ Please use tidy evaluation idioms with `aes()`.
  < ℹ See also `vignette("ggplot2-in-packages")` for more information.
  < ℹ The deprecated feature was likely used in the gpmap package.
  <   Please report the issue to the authors. 
  < 2: Using `size` aesthetic for lines was deprecated in ggplot2 3.4.0.
  < ℹ Please use `linewidth` instead.
  < ℹ The deprecated feature was likely used in the gpmap package.
  <   Please report the issue to the authors.
Flavor: r-devel-windows-x86_64
Version: 0.1.2
Check: tests
Result: NOTE
    Running ‘genotype_test.R’ [1s/2s]
    Comparing ‘genotype_test.Rout’ to ‘genotype_test.Rout.save’ ... OK
    Running ‘test_code_example.R’ [4s/5s]
    Comparing ‘test_code_example.Rout’ to ‘test_code_example.Rout.save’ ...27,36d26
  < Warning messages:
  < 1: `aes_string()` was deprecated in ggplot2 3.0.0.
  < ℹ Please use tidy evaluation idioms with `aes()`.
  < ℹ See also `vignette("ggplot2-in-packages")` for more information.
  < ℹ The deprecated feature was likely used in the gpmap package.
  <   Please report the issue to the authors. 
  < 2: Using `size` aesthetic for lines was deprecated in ggplot2 3.4.0.
  < ℹ Please use `linewidth` instead.
  < ℹ The deprecated feature was likely used in the gpmap package.
  <   Please report the issue to the authors.
Flavor: r-release-linux-x86_64
Version: 0.1.2
Check: tests
Result: NOTE
    Running 'genotype_test.R' [1s]
    Comparing 'genotype_test.Rout' to 'genotype_test.Rout.save' ... OK
    Running 'test_code_example.R' [3s]
    Comparing 'test_code_example.Rout' to 'test_code_example.Rout.save' ...27,36d26
  < Warning messages:
  < 1: `aes_string()` was deprecated in ggplot2 3.0.0.
  < ℹ Please use tidy evaluation idioms with `aes()`.
  < ℹ See also `vignette("ggplot2-in-packages")` for more information.
  < ℹ The deprecated feature was likely used in the gpmap package.
  <   Please report the issue to the authors. 
  < 2: Using `size` aesthetic for lines was deprecated in ggplot2 3.4.0.
  < ℹ Please use `linewidth` instead.
  < ℹ The deprecated feature was likely used in the gpmap package.
  <   Please report the issue to the authors.
Flavor: r-release-windows-x86_64