Last updated on 2025-10-31 00:51:05 CET.
| Flavor | Version | Tinstall | Tcheck | Ttotal | Status | Flags | 
|---|---|---|---|---|---|---|
| r-devel-linux-x86_64-debian-clang | 0.7-4 | 7.53 | 82.21 | 89.74 | NOTE | |
| r-devel-linux-x86_64-debian-gcc | 0.7-4 | 5.62 | 61.16 | 66.78 | NOTE | |
| r-devel-linux-x86_64-fedora-clang | 0.7-4 | 43.00 | 93.83 | 136.83 | NOTE | |
| r-devel-linux-x86_64-fedora-gcc | 0.7-4 | 17.00 | 120.81 | 137.81 | NOTE | |
| r-devel-windows-x86_64 | 0.7-4 | 12.00 | 111.00 | 123.00 | OK | |
| r-patched-linux-x86_64 | 0.7-4 | 8.57 | 79.24 | 87.81 | OK | |
| r-release-linux-x86_64 | 0.7-4 | 7.81 | 78.85 | 86.66 | OK | |
| r-release-macos-arm64 | 0.7-4 | 6.00 | 54.00 | 60.00 | OK | |
| r-release-macos-x86_64 | 0.7-4 | 9.00 | 81.00 | 90.00 | OK | |
| r-release-windows-x86_64 | 0.7-4 | 12.00 | 114.00 | 126.00 | OK | |
| r-oldrel-macos-arm64 | 0.7-4 | 5.00 | 44.00 | 49.00 | OK | |
| r-oldrel-macos-x86_64 | 0.7-4 | 7.00 | 63.00 | 70.00 | OK | |
| r-oldrel-windows-x86_64 | 0.7-4 | 15.00 | 130.00 | 145.00 | OK | 
Version: 0.7-4
Check: CRAN incoming feasibility
Result: NOTE
  Maintainer: ‘Marlene Mueller <marlene.mueller@gmx.de>’
  
  No Authors@R field in DESCRIPTION.
  Please add one, modifying
    Authors@R: person(given = "Marlene",
                      family = "Mueller",
                      role = c("aut", "cre"),
                      email = "marlene.mueller@gmx.de")
  as necessary.
Flavors: r-devel-linux-x86_64-debian-clang, r-devel-linux-x86_64-debian-gcc
Version: 0.7-4
Check: compiled code
Result: NOTE
  File ‘gplm/libs/gplm.so’:
    Found no calls to: ‘R_registerRoutines’, ‘R_useDynamicSymbols’
  
  It is good practice to register native routines and to disable symbol
  search.
  
  See ‘Writing portable packages’ in the ‘Writing R Extensions’ manual.
Flavors: r-devel-linux-x86_64-fedora-clang, r-devel-linux-x86_64-fedora-gcc