Last updated on 2024-06-16 01:49:28 CEST.
Flavor | Version | Tinstall | Tcheck | Ttotal | Status | Flags |
---|---|---|---|---|---|---|
r-devel-linux-x86_64-debian-clang | 1.0 | 6.81 | 85.08 | 91.89 | NOTE | |
r-devel-linux-x86_64-debian-gcc | 1.0 | 3.98 | 61.55 | 65.53 | NOTE | |
r-devel-linux-x86_64-fedora-clang | 1.0 | 119.90 | NOTE | |||
r-devel-linux-x86_64-fedora-gcc | 1.0 | 108.35 | NOTE | |||
r-devel-windows-x86_64 | 1.0 | 6.00 | 94.00 | 100.00 | NOTE | |
r-patched-linux-x86_64 | 1.0 | 11.68 | 83.44 | 95.12 | NOTE | |
r-release-linux-x86_64 | 1.0 | 6.88 | 81.71 | 88.59 | NOTE | |
r-release-macos-arm64 | 1.0 | 31.00 | NOTE | |||
r-release-macos-x86_64 | 1.0 | 48.00 | NOTE | |||
r-release-windows-x86_64 | 1.0 | 7.00 | 97.00 | 104.00 | NOTE | |
r-oldrel-macos-arm64 | 1.0 | 34.00 | OK | |||
r-oldrel-macos-x86_64 | 1.0 | 123.00 | OK | |||
r-oldrel-windows-x86_64 | 1.0 | 8.00 | 117.00 | 125.00 | OK |
Version: 1.0
Check: Rd files
Result: NOTE
checkRd: (-1) compute_lower_bound_1tree.Rd:31: Lost braces; missing escapes or markup?
31 | instance from vertex 1. Internally, it creates the graph Kn-{v1}
| ^
Flavors: r-devel-linux-x86_64-debian-clang, r-devel-linux-x86_64-debian-gcc, r-devel-linux-x86_64-fedora-clang, r-devel-linux-x86_64-fedora-gcc, r-devel-windows-x86_64, r-patched-linux-x86_64, r-release-linux-x86_64, r-release-macos-arm64, r-release-macos-x86_64, r-release-windows-x86_64