Last updated on 2024-08-25 02:48:22 CEST.
Flavor | Version | Tinstall | Tcheck | Ttotal | Status | Flags |
---|---|---|---|---|---|---|
r-devel-linux-x86_64-debian-clang | 1.5.4.4 | 426.85 | 180.33 | 607.18 | NOTE | |
r-devel-linux-x86_64-debian-gcc | 1.5.4.4 | 381.61 | 148.74 | 530.35 | NOTE | |
r-devel-linux-x86_64-fedora-clang | 1.5.4.4 | 1054.07 | NOTE | |||
r-devel-linux-x86_64-fedora-gcc | 1.5.4.4 | 1309.71 | NOTE | |||
r-devel-windows-x86_64 | 1.5.4.4 | 471.00 | 208.00 | 679.00 | NOTE | |
r-patched-linux-x86_64 | 1.5.4.4 | 475.93 | 205.88 | 681.81 | NOTE | |
r-release-linux-x86_64 | 1.5.4.4 | 451.05 | 204.52 | 655.57 | NOTE | |
r-release-macos-arm64 | 1.5.4.4 | 238.00 | NOTE | |||
r-release-macos-x86_64 | 1.5.4.4 | 239.00 | NOTE | |||
r-release-windows-x86_64 | 1.5.4.4 | 474.00 | 218.00 | 692.00 | NOTE | |
r-oldrel-macos-arm64 | 1.5.4.4 | 227.00 | NOTE | |||
r-oldrel-macos-x86_64 | 1.5.4.4 | 320.00 | NOTE | |||
r-oldrel-windows-x86_64 | 1.5.4.4 | 588.00 | 266.00 | 854.00 | NOTE |
Version: 1.5.4.4
Check: Rd cross-references
Result: NOTE
Found the following Rd file(s) with Rd \link{} targets missing package
anchors:
optimControl.Rd: lme4
Please provide package anchors for all Rd \link{} targets not in the
package itself and the base packages.
Flavors: r-devel-linux-x86_64-debian-clang, r-devel-linux-x86_64-debian-gcc, r-devel-windows-x86_64
Version: 1.5.4.4
Check: for GNU extensions in Makefiles
Result: NOTE
GNU make is a SystemRequirements.
Flavors: r-devel-linux-x86_64-debian-clang, r-devel-linux-x86_64-debian-gcc, r-devel-linux-x86_64-fedora-clang, r-devel-linux-x86_64-fedora-gcc, r-devel-windows-x86_64, r-patched-linux-x86_64, r-release-linux-x86_64, r-release-macos-arm64, r-release-macos-x86_64, r-release-windows-x86_64, r-oldrel-macos-arm64, r-oldrel-macos-x86_64, r-oldrel-windows-x86_64
Version: 1.5.4.4
Check: installed package size
Result: NOTE
installed size is 5.3Mb
sub-directories of 1Mb or more:
libs 4.1Mb
Flavors: r-devel-linux-x86_64-fedora-clang, r-release-macos-arm64, r-release-macos-x86_64, r-oldrel-macos-arm64, r-oldrel-macos-x86_64
Version: 1.5.4.4
Check: dependencies in R code
Result: NOTE
Namespace in Imports field not imported from: ‘rstantools’
All declared Imports should be used.
Flavors: r-devel-linux-x86_64-fedora-clang, r-devel-linux-x86_64-fedora-gcc