Last updated on 2025-10-31 00:51:04 CET.
| Flavor | Version | Tinstall | Tcheck | Ttotal | Status | Flags | 
|---|---|---|---|---|---|---|
| r-devel-linux-x86_64-debian-clang | 0.2.5 | 9.11 | 129.43 | 138.54 | NOTE | |
| r-devel-linux-x86_64-debian-gcc | 0.2.5 | 6.23 | 91.36 | 97.59 | NOTE | |
| r-devel-linux-x86_64-fedora-clang | 0.2.5 | 37.00 | 182.47 | 219.47 | OK | |
| r-devel-linux-x86_64-fedora-gcc | 0.2.5 | 21.00 | 192.08 | 213.08 | OK | |
| r-devel-windows-x86_64 | 0.2.5 | 9.00 | 117.00 | 126.00 | NOTE | |
| r-patched-linux-x86_64 | 0.2.5 | 8.88 | 120.97 | 129.85 | NOTE | |
| r-release-linux-x86_64 | 0.2.5 | 7.80 | 121.80 | 129.60 | NOTE | |
| r-release-macos-arm64 | 0.2.5 | 3.00 | 48.00 | 51.00 | OK | |
| r-release-macos-x86_64 | 0.2.5 | 6.00 | 97.00 | 103.00 | OK | |
| r-release-windows-x86_64 | 0.2.5 | 11.00 | 118.00 | 129.00 | NOTE | |
| r-oldrel-macos-arm64 | 0.2.5 | 3.00 | 45.00 | 48.00 | OK | |
| r-oldrel-macos-x86_64 | 0.2.5 | 5.00 | 73.00 | 78.00 | OK | |
| r-oldrel-windows-x86_64 | 0.2.5 | 14.00 | 152.00 | 166.00 | OK | 
Version: 0.2.5
Check: CRAN incoming feasibility
Result: NOTE
  Maintainer: ‘Yabing Song <songyb0519@gmail.com>’
  
  Package CITATION file contains call(s) to old-style personList() or
  as.personList().  Please use c() on person objects instead.
  Package CITATION file contains call(s) to old-style citEntry().  Please
  use bibentry() instead.
Flavors: r-devel-linux-x86_64-debian-clang, r-devel-linux-x86_64-debian-gcc
Version: 0.2.5
Check: Rd cross-references
Result: NOTE
  Found the following Rd file(s) with Rd \link{} targets missing package
  anchors:
    ggdonut.Rd: geom_text_repel
    ggnestedpie.Rd: geom_text_repel
    ggpie.Rd: geom_text_repel
  Please provide package anchors for all Rd \link{} targets not in the
  package itself and the base packages.
Flavors: r-devel-linux-x86_64-debian-clang, r-devel-linux-x86_64-debian-gcc, r-devel-windows-x86_64, r-patched-linux-x86_64, r-release-linux-x86_64, r-release-windows-x86_64