Last updated on 2025-10-31 00:51:04 CET.
| Flavor | Version | Tinstall | Tcheck | Ttotal | Status | Flags | 
|---|---|---|---|---|---|---|
| r-devel-linux-x86_64-debian-clang | 0.1.4 | 6.67 | 60.41 | 67.08 | ERROR | |
| r-devel-linux-x86_64-debian-gcc | 0.1.4 | 4.34 | 43.62 | 47.96 | ERROR | |
| r-devel-linux-x86_64-fedora-clang | 0.1.4 | 33.00 | 71.38 | 104.38 | ERROR | |
| r-devel-linux-x86_64-fedora-gcc | 0.1.4 | 14.00 | 92.72 | 106.72 | ERROR | |
| r-devel-windows-x86_64 | 0.1.4 | 8.00 | 69.00 | 77.00 | ERROR | |
| r-patched-linux-x86_64 | 0.1.4 | 5.95 | 55.39 | 61.34 | ERROR | |
| r-release-linux-x86_64 | 0.1.4 | 5.95 | 55.80 | 61.75 | ERROR | |
| r-release-macos-arm64 | 0.1.4 | 4.00 | 85.00 | 89.00 | OK | |
| r-release-macos-x86_64 | 0.1.4 | 5.00 | 67.00 | 72.00 | OK | |
| r-release-windows-x86_64 | 0.1.4 | 8.00 | 70.00 | 78.00 | ERROR | |
| r-oldrel-macos-arm64 | 0.1.4 | 3.00 | 35.00 | 38.00 | OK | |
| r-oldrel-macos-x86_64 | 0.1.4 | 4.00 | 55.00 | 59.00 | OK | |
| r-oldrel-windows-x86_64 | 0.1.4 | 12.00 | 87.00 | 99.00 | ERROR | 
Version: 0.1.4
Check: examples
Result: ERROR
  Running examples in ‘gghalves-Ex.R’ failed
  The error most likely occurred in:
  
  > base::assign(".ptime", proc.time(), pos = "CheckExEnv")
  > ### Name: geom_half_point
  > ### Title: Points with jitter for half geoms.
  > ### Aliases: geom_half_point
  > 
  > ### ** Examples
  > 
  > ggplot(iris, aes(x = Species, y = Petal.Width, fill = Species)) + 
  +   geom_half_point()
  Error in `geom_half_point()`:
  ! Problem while converting geom to grob.
  ℹ Error occurred in the 1st layer.
  Caused by error in `fun()`:
  ! argument "layout" is missing, with no default
  Backtrace:
       ▆
    1. ├─base (local) `<fn>`(x)
    2. ├─ggplot2 (local) `print.ggplot2::ggplot`(x)
    3. │ ├─ggplot2::ggplot_gtable(data)
    4. │ └─ggplot2 (local) `ggplot_gtable.ggplot2::ggplot_built`(data)
    5. │   └─ggplot2:::by_layer(...)
    6. │     ├─rlang::try_fetch(...)
    7. │     │ ├─base::tryCatch(...)
    8. │     │ │ └─base (local) tryCatchList(expr, classes, parentenv, handlers)
    9. │     │ │   └─base (local) tryCatchOne(expr, names, parentenv, handlers[[1L]])
   10. │     │ │     └─base (local) doTryCatch(return(expr), name, parentenv, handler)
   11. │     │ └─base::withCallingHandlers(...)
   12. │     └─ggplot2 (local) f(l = layers[[i]], d = data[[i]])
   13. │       └─l$draw_geom(d, layout)
   14. │         └─ggplot2 (local) draw_geom(..., self = self)
   15. │           └─self$geom$draw_layer(...)
   16. │             └─ggplot2 (local) draw_layer(..., self = self)
   17. │               └─base::lapply(...)
   18. │                 └─ggplot2 (local) FUN(X[[i]], ...)
   19. │                   ├─rlang::inject(self$draw_panel(data, panel_params, coord, !!!params))
   20. │                   └─self$draw_panel(...)
   21. │                     └─ggplot2 (local) draw_panel(..., self = self)
   22. │                       └─base::lapply(...)
   23. │                         └─ggplot2 (local) FUN(X[[i]], ...)
   24. │                           └─self$draw_group(group, panel_params, coord, ...)
   25. │                             └─gghalves (local) draw_group(...)
   26. │                               └─transformation$compute_layer(transformation_df, transformation_params_new)
   27. │                                 └─ggplot2 (local) compute_layer(..., self = self)
   28. │                                   └─ggplot2:::dapply(...)
   29. │                                     └─base::lapply(...)
   30. │                                       └─ggplot2 (local) FUN(X[[i]], ...)
   31. │                                         └─ggplot2 (local) apply_fun(cur_data)
   32. │                                           └─ggplot2 (local) fun(x, ...)
   33. └─rlang (local) `<fn>`(`<gtvrErrr>`)
   34.   └─handlers[[1L]](cnd)
   35.     └─cli::cli_abort(...)
   36.       └─rlang::abort(...)
  Execution halted
Flavors: r-devel-linux-x86_64-debian-clang, r-devel-linux-x86_64-debian-gcc, r-patched-linux-x86_64, r-release-linux-x86_64
Version: 0.1.4
Check: re-building of vignette outputs
Result: ERROR
  Error(s) in re-building vignettes:
    ...
  --- re-building ‘gghalves.Rmd’ using rmarkdown
  
  Quitting from gghalves.Rmd:39-42 [unnamed-chunk-2]
  ~~~~~~~~~~~~~~~~~~~~~~~~~~~~~~~~~~~~~~~~~~~~~~~~~~~~~~~~~~~~~~~~~~~~~~~~~~~~~~~~
  NULL
  ~~~~~~~~~~~~~~~~~~~~~~~~~~~~~~~~~~~~~~~~~~~~~~~~~~~~~~~~~~~~~~~~~~~~~~~~~~~~~~~~
  
  Error: processing vignette 'gghalves.Rmd' failed with diagnostics:
  Problem while converting geom to grob.
  ℹ Error occurred in the 1st layer.
  Caused by error in `fun()`:
  ! argument "layout" is missing, with no default
  --- failed re-building ‘gghalves.Rmd’
  
  SUMMARY: processing the following file failed:
    ‘gghalves.Rmd’
  
  Error: Vignette re-building failed.
  Execution halted
Flavors: r-devel-linux-x86_64-debian-clang, r-devel-linux-x86_64-debian-gcc, r-patched-linux-x86_64, r-release-linux-x86_64
Version: 0.1.4
Check: dependencies in R code
Result: NOTE
  Namespaces in Imports field not imported from:
    ‘grDevices’ ‘gtable’
    All declared Imports should be used.
Flavors: r-devel-linux-x86_64-fedora-clang, r-devel-linux-x86_64-fedora-gcc
Version: 0.1.4
Check: examples
Result: ERROR
  Running examples in ‘gghalves-Ex.R’ failed
  The error most likely occurred in:
  
  > ### Name: geom_half_point
  > ### Title: Points with jitter for half geoms.
  > ### Aliases: geom_half_point
  > 
  > ### ** Examples
  > 
  > ggplot(iris, aes(x = Species, y = Petal.Width, fill = Species)) + 
  +   geom_half_point()
  Error in `geom_half_point()`:
  ! Problem while converting geom to grob.
  ℹ Error occurred in the 1st layer.
  Caused by error in `fun()`:
  ! argument "layout" is missing, with no default
  Backtrace:
       ▆
    1. ├─base (local) `<fn>`(x)
    2. ├─ggplot2 (local) `print.ggplot2::ggplot`(x)
    3. │ ├─ggplot2::ggplot_gtable(data)
    4. │ └─ggplot2 (local) `ggplot_gtable.ggplot2::ggplot_built`(data)
    5. │   └─ggplot2:::by_layer(...)
    6. │     ├─rlang::try_fetch(...)
    7. │     │ ├─base::tryCatch(...)
    8. │     │ │ └─base (local) tryCatchList(expr, classes, parentenv, handlers)
    9. │     │ │   └─base (local) tryCatchOne(expr, names, parentenv, handlers[[1L]])
   10. │     │ │     └─base (local) doTryCatch(return(expr), name, parentenv, handler)
   11. │     │ └─base::withCallingHandlers(...)
   12. │     └─ggplot2 (local) f(l = layers[[i]], d = data[[i]])
   13. │       └─l$draw_geom(d, layout)
   14. │         └─ggplot2 (local) draw_geom(..., self = self)
   15. │           └─self$geom$draw_layer(...)
   16. │             └─ggplot2 (local) draw_layer(..., self = self)
   17. │               └─base::lapply(...)
   18. │                 └─ggplot2 (local) FUN(X[[i]], ...)
   19. │                   ├─rlang::inject(self$draw_panel(data, panel_params, coord, !!!params))
   20. │                   └─self$draw_panel(...)
   21. │                     └─ggplot2 (local) draw_panel(..., self = self)
   22. │                       └─base::lapply(...)
   23. │                         └─ggplot2 (local) FUN(X[[i]], ...)
   24. │                           └─self$draw_group(group, panel_params, coord, ...)
   25. │                             └─gghalves (local) draw_group(...)
   26. │                               └─transformation$compute_layer(transformation_df, transformation_params_new)
   27. │                                 └─ggplot2 (local) compute_layer(..., self = self)
   28. │                                   └─ggplot2:::dapply(...)
   29. │                                     └─base::lapply(...)
   30. │                                       └─ggplot2 (local) FUN(X[[i]], ...)
   31. │                                         └─ggplot2 (local) apply_fun(cur_data)
   32. │                                           └─ggplot2 (local) fun(x, ...)
   33. └─rlang (local) `<fn>`(`<gtvrErrr>`)
   34.   └─handlers[[1L]](cnd)
   35.     └─cli::cli_abort(...)
   36.       └─rlang::abort(...)
  Execution halted
Flavors: r-devel-linux-x86_64-fedora-clang, r-devel-linux-x86_64-fedora-gcc, r-devel-windows-x86_64, r-release-windows-x86_64
Version: 0.1.4
Check: re-building of vignette outputs
Result: ERROR
  Error(s) in re-building vignettes:
  --- re-building ‘gghalves.Rmd’ using rmarkdown
  
  Quitting from gghalves.Rmd:39-42 [unnamed-chunk-2]
  ~~~~~~~~~~~~~~~~~~~~~~~~~~~~~~~~~~~~~~~~~~~~~~~~~~~~~~~~~~~~~~~~~~~~~~~~~~~~~~~~
  NULL
  ~~~~~~~~~~~~~~~~~~~~~~~~~~~~~~~~~~~~~~~~~~~~~~~~~~~~~~~~~~~~~~~~~~~~~~~~~~~~~~~~
  
  Error: processing vignette 'gghalves.Rmd' failed with diagnostics:
  Problem while converting geom to grob.
  ℹ Error occurred in the 1st layer.
  Caused by error in `fun()`:
  ! argument "layout" is missing, with no default
  --- failed re-building ‘gghalves.Rmd’
  
  SUMMARY: processing the following file failed:
    ‘gghalves.Rmd’
  
  Error: Vignette re-building failed.
  Execution halted
Flavors: r-devel-linux-x86_64-fedora-clang, r-devel-linux-x86_64-fedora-gcc, r-devel-windows-x86_64, r-release-windows-x86_64, r-oldrel-windows-x86_64
Version: 0.1.4
Check: examples
Result: ERROR
  Running examples in 'gghalves-Ex.R' failed
  The error most likely occurred in:
  
  > ### Name: geom_half_point
  > ### Title: Points with jitter for half geoms.
  > ### Aliases: geom_half_point
  > 
  > ### ** Examples
  > 
  > ggplot(iris, aes(x = Species, y = Petal.Width, fill = Species)) + 
  +   geom_half_point()
  Error in `geom_half_point()`:
  ! Problem while converting geom to grob.
  ℹ Error occurred in the 1st layer.
  Caused by error in `fun()`:
  ! argument "layout" is missing, with no default
  Backtrace:
       ▆
    1. ├─base (local) `<fn>`(x)
    2. ├─ggplot2 (local) `print.ggplot2::ggplot`(x)
    3. │ ├─ggplot2::ggplot_gtable(data)
    4. │ └─ggplot2 (local) `ggplot_gtable.ggplot2::ggplot_built`(data)
    5. │   └─ggplot2:::by_layer(...)
    6. │     ├─rlang::try_fetch(...)
    7. │     │ ├─base::tryCatch(...)
    8. │     │ │ └─base (local) tryCatchList(expr, classes, parentenv, handlers)
    9. │     │ │   └─base (local) tryCatchOne(expr, names, parentenv, handlers[[1L]])
   10. │     │ │     └─base (local) doTryCatch(return(expr), name, parentenv, handler)
   11. │     │ └─base::withCallingHandlers(...)
   12. │     └─ggplot2 (local) f(l = layers[[i]], d = data[[i]])
   13. │       └─l$draw_geom(d, layout)
   14. │         └─ggplot2 (local) draw_geom(..., self = self)
   15. │           └─self$geom$draw_layer(...)
   16. │             └─ggplot2 (local) draw_layer(..., self = self)
   17. │               └─base::lapply(...)
   18. │                 └─ggplot2 (local) FUN(X[[i]], ...)
   19. │                   ├─rlang::inject(self$draw_panel(data, panel_params, coord, !!!params))
   20. │                   └─self$draw_panel(...)
   21. │                     └─ggplot2 (local) draw_panel(..., self = self)
   22. │                       └─base::lapply(...)
   23. │                         └─ggplot2 (local) FUN(X[[i]], ...)
   24. │                           └─self$draw_group(group, panel_params, coord, ...)
   25. │                             └─gghalves (local) draw_group(...)
   26. │                               └─transformation$compute_layer(transformation_df, transformation_params_new)
   27. │                                 └─ggplot2 (local) compute_layer(..., self = self)
   28. │                                   └─ggplot2:::dapply(...)
   29. │                                     └─base::lapply(...)
   30. │                                       └─ggplot2 (local) FUN(X[[i]], ...)
   31. │                                         └─ggplot2 (local) apply_fun(cur_data)
   32. │                                           └─ggplot2 (local) fun(x, ...)
   33. └─base::.handleSimpleError(...)
   34.   └─rlang (local) h(simpleError(msg, call))
   35.     └─handlers[[1L]](cnd)
   36.       └─cli::cli_abort(...)
   37.         └─rlang::abort(...)
  Execution halted
Flavor: r-oldrel-windows-x86_64