Last updated on 2025-11-02 01:48:36 CET.
| Flavor | Version | Tinstall | Tcheck | Ttotal | Status | Flags |
|---|---|---|---|---|---|---|
| r-devel-linux-x86_64-debian-clang | 1.0.0 | 6.17 | 61.59 | 67.76 | OK | |
| r-devel-linux-x86_64-debian-gcc | 1.0.0 | 5.44 | 46.95 | 52.39 | OK | |
| r-devel-linux-x86_64-fedora-clang | 1.0.0 | 29.00 | 79.54 | 108.54 | OK | |
| r-devel-linux-x86_64-fedora-gcc | 1.0.0 | 12.00 | 83.18 | 95.18 | OK | |
| r-devel-windows-x86_64 | 1.0.0 | 8.00 | 68.00 | 76.00 | OK | |
| r-patched-linux-x86_64 | 1.0.0 | 6.64 | 57.93 | 64.57 | OK | |
| r-release-linux-x86_64 | 1.0.0 | 6.40 | 57.87 | 64.27 | OK | |
| r-release-macos-arm64 | 1.0.0 | 4.00 | 34.00 | 38.00 | OK | |
| r-release-macos-x86_64 | 1.0.0 | 11.00 | 87.00 | 98.00 | OK | |
| r-release-windows-x86_64 | 1.0.0 | 7.00 | 67.00 | 74.00 | OK | |
| r-oldrel-macos-arm64 | 1.0.0 | 3.00 | 30.00 | 33.00 | NOTE | |
| r-oldrel-macos-x86_64 | 1.0.0 | 5.00 | 48.00 | 53.00 | NOTE | |
| r-oldrel-windows-x86_64 | 1.0.0 | 10.00 | 86.00 | 96.00 | NOTE |
Version: 1.0.0
Check: LazyData
Result: NOTE
'LazyData' is specified without a 'data' directory
Flavors: r-oldrel-macos-arm64, r-oldrel-macos-x86_64, r-oldrel-windows-x86_64