Last updated on 2025-11-01 00:49:59 CET.
| Flavor | Version | Tinstall | Tcheck | Ttotal | Status | Flags |
|---|---|---|---|---|---|---|
| r-devel-linux-x86_64-debian-clang | 0.1.12 | 10.85 | 85.14 | 95.99 | OK | |
| r-devel-linux-x86_64-debian-gcc | 0.1.12 | 7.42 | 63.58 | 71.00 | OK | |
| r-devel-linux-x86_64-fedora-clang | 0.1.12 | 43.00 | 105.21 | 148.21 | NOTE | |
| r-devel-linux-x86_64-fedora-gcc | 0.1.12 | 20.00 | 125.03 | 145.03 | NOTE | |
| r-devel-windows-x86_64 | 0.1.12 | 12.00 | 100.00 | 112.00 | OK | |
| r-patched-linux-x86_64 | 0.1.12 | 9.06 | 79.34 | 88.40 | OK | |
| r-release-linux-x86_64 | 0.1.12 | 9.89 | 78.89 | 88.78 | OK | |
| r-release-macos-arm64 | 0.1.12 | 4.00 | 39.00 | 43.00 | OK | |
| r-release-macos-x86_64 | 0.1.12 | 8.00 | 80.00 | 88.00 | OK | |
| r-release-windows-x86_64 | 0.1.12 | 13.00 | 100.00 | 113.00 | OK | |
| r-oldrel-macos-arm64 | 0.1.12 | 3.00 | 36.00 | 39.00 | OK | |
| r-oldrel-macos-x86_64 | 0.1.12 | 5.00 | 57.00 | 62.00 | OK | |
| r-oldrel-windows-x86_64 | 0.1.12 | 17.00 | 124.00 | 141.00 | OK |
Version: 0.1.12
Check: dependencies in R code
Result: NOTE
Namespaces in Imports field not imported from:
‘googlesheets4’ ‘tidyr’
All declared Imports should be used.
Flavors: r-devel-linux-x86_64-fedora-clang, r-devel-linux-x86_64-fedora-gcc