Last updated on 2025-10-31 00:51:04 CET.
| Flavor | Version | Tinstall | Tcheck | Ttotal | Status | Flags | 
|---|---|---|---|---|---|---|
| r-devel-linux-x86_64-debian-clang | 2.0.1 | 3.48 | 83.08 | 86.56 | NOTE | |
| r-devel-linux-x86_64-debian-gcc | 2.0.1 | 2.43 | 60.14 | 62.57 | NOTE | |
| r-devel-linux-x86_64-fedora-clang | 2.0.1 | 15.00 | 117.01 | 132.01 | NOTE | |
| r-devel-linux-x86_64-fedora-gcc | 2.0.1 | 133.10 | NOTE | |||
| r-devel-windows-x86_64 | 2.0.1 | 6.00 | 257.00 | 263.00 | NOTE | |
| r-patched-linux-x86_64 | 2.0.1 | 4.14 | 76.66 | 80.80 | NOTE | |
| r-release-linux-x86_64 | 2.0.1 | 2.70 | 76.30 | 79.00 | NOTE | |
| r-release-macos-arm64 | 2.0.1 | 2.00 | 55.00 | 57.00 | NOTE | |
| r-release-macos-x86_64 | 2.0.1 | 3.00 | 101.00 | 104.00 | NOTE | |
| r-release-windows-x86_64 | 2.0.1 | 6.00 | 237.00 | 243.00 | NOTE | |
| r-oldrel-macos-arm64 | 2.0.1 | 2.00 | 64.00 | 66.00 | NOTE | |
| r-oldrel-macos-x86_64 | 2.0.1 | 3.00 | 76.00 | 79.00 | NOTE | |
| r-oldrel-windows-x86_64 | 2.0.1 | 8.00 | 160.00 | 168.00 | NOTE | 
Version: 2.0.1
Check: DESCRIPTION meta-information
Result: NOTE
    Missing dependency on R >= 4.1.0 because package code uses the pipe
    |> or function shorthand \(...) syntax added in R 4.1.0.
    File(s) using such syntax:
      ‘acs_5yr_geo.R’ ‘acs_5yr_rolap.R’ ‘acs_5yr_topic.R’
      ‘anrc_2021_x01.Rd’ ‘as_GeoPackage.Rd’ ‘as_acs_5yr_geo.Rd’
      ‘as_acs_5yr_topic.Rd’ ‘as_flat_table.Rd’ ‘as_geomultistar.Rd’
      ‘as_star_database.Rd’ ‘download_selected_files.Rd’
      ‘get_area_file_names.Rd’ ‘get_area_groups.Rd’ ‘get_area_years.Rd’
      ‘get_areas.Rd’ ‘get_available_area_topics.Rd’
      ‘get_available_area_years.Rd’ ‘get_available_areas.Rd’
      ‘get_code_from_area_name.Rd’ ‘get_geo_attribute_names.Rd’
      ‘get_geo_layer.Rd’ ‘get_metadata.Rd’ ‘get_name_from_area_code.Rd’
      ‘get_names_of_other_topics.Rd’ ‘get_report_names.Rd’
      ‘get_selected_file_names.Rd’ ‘get_subreport_names.Rd’
      ‘get_too_heavy_file_names.Rd’ ‘get_topic_name.Rd’
      ‘select_area_files.Rd’ ‘select_report.Rd’ ‘select_subreport.Rd’
      ‘select_topic.Rd’ ‘set_metadata.Rd’ ‘unzip_files.Rd’
Flavors: r-devel-linux-x86_64-debian-clang, r-devel-linux-x86_64-debian-gcc, r-devel-linux-x86_64-fedora-clang, r-devel-linux-x86_64-fedora-gcc, r-devel-windows-x86_64, r-patched-linux-x86_64, r-release-linux-x86_64, r-release-macos-arm64, r-release-windows-x86_64
Version: 2.0.1
Check: DESCRIPTION meta-information
Result: NOTE
    Missing dependency on R >= 4.1.0 because package code uses the pipe
    |> or function shorthand \(...) syntax added in R 4.1.0.
    File(s) using such syntax:
      ‘acs_5yr_geo.R’ ‘acs_5yr_rolap.R’ ‘acs_5yr_topic.R’
Flavor: r-release-macos-x86_64
Version: 2.0.1
Check: installed package size
Result: NOTE
    installed size is  6.8Mb
    sub-directories of 1Mb or more:
      doc       2.1Mb
      extdata   3.5Mb
Flavors: r-oldrel-macos-arm64, r-oldrel-macos-x86_64, r-oldrel-windows-x86_64