Last updated on 2025-10-31 00:51:04 CET.
| Flavor | Version | Tinstall | Tcheck | Ttotal | Status | Flags | 
|---|---|---|---|---|---|---|
| r-devel-linux-x86_64-debian-clang | 1.0.4 | 15.91 | 211.25 | 227.16 | NOTE | |
| r-devel-linux-x86_64-debian-gcc | 1.0.4 | 9.11 | 133.48 | 142.59 | NOTE | |
| r-devel-linux-x86_64-fedora-clang | 1.0.4 | 65.00 | 313.36 | 378.36 | NOTE | |
| r-devel-linux-x86_64-fedora-gcc | 1.0.4 | 29.00 | 318.78 | 347.78 | NOTE | |
| r-devel-windows-x86_64 | 1.0.4 | 17.00 | 216.00 | 233.00 | NOTE | |
| r-patched-linux-x86_64 | 1.0.4 | 17.40 | 194.89 | 212.29 | NOTE | |
| r-release-linux-x86_64 | 1.0.4 | 12.94 | 195.79 | 208.73 | NOTE | |
| r-release-macos-arm64 | 1.0.4 | 6.00 | 85.00 | 91.00 | NOTE | |
| r-release-macos-x86_64 | 1.0.4 | 12.00 | 163.00 | 175.00 | NOTE | |
| r-release-windows-x86_64 | 1.0.4 | 18.00 | 213.00 | 231.00 | NOTE | |
| r-oldrel-macos-arm64 | 1.0.4 | 6.00 | 75.00 | 81.00 | NOTE | |
| r-oldrel-macos-x86_64 | 1.0.4 | 9.00 | 119.00 | 128.00 | NOTE | |
| r-oldrel-windows-x86_64 | 1.0.4 | 24.00 | 280.00 | 304.00 | NOTE | 
Version: 1.0.4
Check: package subdirectories
Result: NOTE
  Problems with news in ‘NEWS.md’:
  No news entries found.
Flavors: r-devel-linux-x86_64-debian-clang, r-devel-linux-x86_64-debian-gcc, r-devel-linux-x86_64-fedora-clang, r-devel-linux-x86_64-fedora-gcc, r-devel-windows-x86_64, r-patched-linux-x86_64, r-release-linux-x86_64, r-release-macos-arm64, r-release-macos-x86_64, r-release-windows-x86_64, r-oldrel-macos-arm64, r-oldrel-macos-x86_64, r-oldrel-windows-x86_64
Version: 1.0.4
Check: for unstated dependencies in ‘demo’
Result: NOTE
  'library' or 'require' call not declared from: ‘gridExtra’
Flavors: r-devel-linux-x86_64-debian-clang, r-devel-linux-x86_64-debian-gcc, r-patched-linux-x86_64, r-release-linux-x86_64