Last updated on 2024-05-23 01:57:55 CEST.
Flavor | Version | Tinstall | Tcheck | Ttotal | Status | Flags |
---|---|---|---|---|---|---|
r-devel-linux-x86_64-debian-clang | 1.10.0 | 167.99 | 126.72 | 294.71 | OK | |
r-devel-linux-x86_64-debian-gcc | 1.10.0 | 114.03 | 95.13 | 209.16 | OK | |
r-devel-linux-x86_64-fedora-clang | 1.10.0 | 398.17 | OK | |||
r-devel-linux-x86_64-fedora-gcc | 1.10.0 | 423.09 | OK | |||
r-devel-windows-x86_64 | 1.10.0 | 136.00 | 657.00 | 793.00 | NOTE | |
r-patched-linux-x86_64 | 1.10.0 | 160.79 | 124.68 | 285.47 | OK | |
r-release-linux-x86_64 | 1.10.0 | 156.80 | 122.45 | 279.25 | OK | |
r-release-macos-arm64 | 1.10.0 | 158.00 | NOTE | |||
r-release-macos-x86_64 | 1.10.0 | 459.00 | NOTE | |||
r-release-windows-x86_64 | 1.10.0 | 140.00 | 587.00 | 727.00 | NOTE | |
r-oldrel-macos-arm64 | 1.10.0 | 211.00 | NOTE | |||
r-oldrel-macos-x86_64 | 1.10.0 | 467.00 | NOTE | |||
r-oldrel-windows-x86_64 | 1.10.0 | 179.00 | 792.00 | 971.00 | NOTE |
Version: 1.10.0
Check: installed package size
Result: NOTE
installed size is 104.5Mb
sub-directories of 1Mb or more:
gdal 3.0Mb
libs 90.7Mb
proj 8.4Mb
Flavors: r-devel-windows-x86_64, r-release-macos-arm64, r-release-macos-x86_64, r-release-windows-x86_64, r-oldrel-macos-arm64, r-oldrel-macos-x86_64, r-oldrel-windows-x86_64