Last updated on 2025-10-31 00:51:04 CET.
| Flavor | Version | Tinstall | Tcheck | Ttotal | Status | Flags | 
|---|---|---|---|---|---|---|
| r-devel-linux-x86_64-debian-clang | 1.1.8 | 35.49 | 44.78 | 80.27 | NOTE | |
| r-devel-linux-x86_64-debian-gcc | 1.1.8 | 21.71 | 33.07 | 54.78 | NOTE | |
| r-devel-linux-x86_64-fedora-clang | 1.1.8 | 138.00 | 8.73 | 146.73 | OK | |
| r-devel-linux-x86_64-fedora-gcc | 1.1.8 | 77.00 | 49.18 | 126.18 | OK | |
| r-devel-windows-x86_64 | 1.1.8 | 41.00 | 79.00 | 120.00 | OK | |
| r-patched-linux-x86_64 | 1.1.8 | 37.34 | 42.68 | 80.02 | OK | |
| r-release-linux-x86_64 | 1.1.8 | 34.08 | 42.50 | 76.58 | OK | |
| r-release-macos-arm64 | 1.1.8 | 13.00 | 23.00 | 36.00 | OK | |
| r-release-macos-x86_64 | 1.1.8 | 20.00 | 45.00 | 65.00 | OK | |
| r-release-windows-x86_64 | 1.1.8 | 43.00 | 80.00 | 123.00 | OK | |
| r-oldrel-macos-arm64 | 1.1.8 | 14.00 | 22.00 | 36.00 | OK | |
| r-oldrel-macos-x86_64 | 1.1.8 | 14.00 | 30.00 | 44.00 | OK | |
| r-oldrel-windows-x86_64 | 1.1.8 | 49.00 | 95.00 | 144.00 | OK | 
Version: 1.1.8
Check: CRAN incoming feasibility
Result: NOTE
  Maintainer: ‘Zifei Han <hanzifei1@gmail.com>’
  
  No Authors@R field in DESCRIPTION.
  Please add one, modifying
    Authors@R: person(given = "Zifei",
                      family = "Han",
                      role = c("aut", "cre"),
                      email = "hanzifei1@gmail.com")
  as necessary.
Flavors: r-devel-linux-x86_64-debian-clang, r-devel-linux-x86_64-debian-gcc