Last updated on 2025-10-31 00:51:04 CET.
| Flavor | Version | Tinstall | Tcheck | Ttotal | Status | Flags | 
|---|---|---|---|---|---|---|
| r-devel-linux-x86_64-debian-clang | 0.1.0 | 19.97 | 28.95 | 48.92 | NOTE | |
| r-devel-linux-x86_64-debian-gcc | 0.1.0 | 16.86 | 25.15 | 42.01 | NOTE | |
| r-devel-linux-x86_64-fedora-clang | 0.1.0 | 101.00 | -7.03 | 93.97 | OK | |
| r-devel-linux-x86_64-fedora-gcc | 0.1.0 | 58.00 | 43.34 | 101.34 | OK | |
| r-devel-windows-x86_64 | 0.1.0 | 27.00 | 63.00 | 90.00 | OK | |
| r-patched-linux-x86_64 | 0.1.0 | 22.44 | 29.99 | 52.43 | OK | |
| r-release-linux-x86_64 | 0.1.0 | 24.13 | 30.15 | 54.28 | OK | |
| r-release-macos-arm64 | 0.1.0 | 10.00 | 24.00 | 34.00 | OK | |
| r-release-macos-x86_64 | 0.1.0 | 18.00 | 43.00 | 61.00 | OK | |
| r-release-windows-x86_64 | 0.1.0 | 28.00 | 66.00 | 94.00 | OK | |
| r-oldrel-macos-arm64 | 0.1.0 | 9.00 | 22.00 | 31.00 | NOTE | |
| r-oldrel-macos-x86_64 | 0.1.0 | 13.00 | 36.00 | 49.00 | NOTE | |
| r-oldrel-windows-x86_64 | 0.1.0 | 33.00 | 77.00 | 110.00 | OK | 
Version: 0.1.0
Check: CRAN incoming feasibility
Result: NOTE
  Maintainer: ‘Stéphane Laurent <laurent_step@outlook.fr>’
  
  No Authors@R field in DESCRIPTION.
  Please add one, modifying
    Authors@R: person(given = "Stéphane",
                      family = "Laurent",
                      role = c("aut", "cre"),
                      email = "laurent_step@outlook.fr")
  as necessary.
Flavors: r-devel-linux-x86_64-debian-clang, r-devel-linux-x86_64-debian-gcc
Version: 0.1.0
Check: installed package size
Result: NOTE
    installed size is  6.6Mb
    sub-directories of 1Mb or more:
      libs   6.5Mb
Flavors: r-oldrel-macos-arm64, r-oldrel-macos-x86_64