Last updated on 2025-02-22 00:49:45 CET.
Flavor | Version | Tinstall | Tcheck | Ttotal | Status | Flags |
---|---|---|---|---|---|---|
r-devel-linux-x86_64-debian-clang | 0.1.0 | 21.64 | 26.85 | 48.49 | OK | |
r-devel-linux-x86_64-debian-gcc | 0.1.0 | 18.38 | 23.30 | 41.68 | OK | |
r-devel-linux-x86_64-fedora-clang | 0.1.0 | 86.49 | OK | |||
r-devel-linux-x86_64-fedora-gcc | 0.1.0 | 101.76 | OK | |||
r-devel-macos-arm64 | 0.1.0 | 31.00 | OK | |||
r-devel-macos-x86_64 | 0.1.0 | 59.00 | OK | |||
r-devel-windows-x86_64 | 0.1.0 | 26.00 | 61.00 | 87.00 | OK | |
r-patched-linux-x86_64 | 0.1.0 | 25.57 | 28.05 | 53.62 | OK | |
r-release-linux-x86_64 | 0.1.0 | 26.30 | 28.04 | 54.34 | OK | |
r-release-macos-arm64 | 0.1.0 | 31.00 | NOTE | |||
r-release-macos-x86_64 | 0.1.0 | 49.00 | NOTE | |||
r-release-windows-x86_64 | 0.1.0 | 27.00 | 63.00 | 90.00 | OK | |
r-oldrel-macos-arm64 | 0.1.0 | 36.00 | NOTE | |||
r-oldrel-macos-x86_64 | 0.1.0 | 54.00 | NOTE | |||
r-oldrel-windows-x86_64 | 0.1.0 | 32.00 | 78.00 | 110.00 | OK |
Version: 0.1.0
Check: installed package size
Result: NOTE
installed size is 6.6Mb
sub-directories of 1Mb or more:
libs 6.5Mb
Flavors: r-release-macos-arm64, r-release-macos-x86_64, r-oldrel-macos-arm64, r-oldrel-macos-x86_64