Last updated on 2025-02-22 00:49:45 CET.
Flavor | Version | Tinstall | Tcheck | Ttotal | Status | Flags |
---|---|---|---|---|---|---|
r-devel-linux-x86_64-debian-clang | 0.0.1 | 3.40 | 35.51 | 38.91 | OK | |
r-devel-linux-x86_64-debian-gcc | 0.0.1 | 2.77 | 27.32 | 30.09 | OK | |
r-devel-linux-x86_64-fedora-clang | 0.0.1 | 61.05 | OK | |||
r-devel-linux-x86_64-fedora-gcc | 0.0.1 | 71.68 | OK | |||
r-devel-macos-arm64 | 0.0.1 | 35.00 | OK | |||
r-devel-macos-x86_64 | 0.0.1 | 51.00 | OK | |||
r-devel-windows-x86_64 | 0.0.1 | 5.00 | 60.00 | 65.00 | OK | |
r-patched-linux-x86_64 | 0.0.1 | 3.19 | 33.29 | 36.48 | NOTE | |
r-release-linux-x86_64 | 0.0.1 | 2.71 | 33.40 | 36.11 | NOTE | |
r-release-macos-arm64 | 0.0.1 | 29.00 | NOTE | |||
r-release-macos-x86_64 | 0.0.1 | 44.00 | NOTE | |||
r-release-windows-x86_64 | 0.0.1 | 6.00 | 61.00 | 67.00 | NOTE | |
r-oldrel-macos-arm64 | 0.0.1 | 28.00 | NOTE | |||
r-oldrel-macos-x86_64 | 0.0.1 | 41.00 | NOTE | |||
r-oldrel-windows-x86_64 | 0.0.1 | 6.00 | 61.00 | 67.00 | NOTE |
Version: 0.0.1
Check: LazyData
Result: NOTE
'LazyData' is specified without a 'data' directory
Flavors: r-patched-linux-x86_64, r-release-linux-x86_64, r-release-macos-arm64, r-release-macos-x86_64, r-release-windows-x86_64, r-oldrel-macos-arm64, r-oldrel-macos-x86_64, r-oldrel-windows-x86_64