CRAN Package Check Results for Package gLRTH

Last updated on 2025-02-22 00:49:46 CET.

Flavor Version Tinstall Tcheck Ttotal Status Flags
r-devel-linux-x86_64-debian-clang 0.2.0 1.49 17.89 19.38 OK
r-devel-linux-x86_64-debian-gcc 0.2.0 1.32 14.85 16.17 OK
r-devel-linux-x86_64-fedora-clang 0.2.0 31.41 OK
r-devel-linux-x86_64-fedora-gcc 0.2.0 29.47 OK
r-devel-macos-arm64 0.2.0 13.00 OK
r-devel-macos-x86_64 0.2.0 25.00 OK
r-devel-windows-x86_64 0.2.0 3.00 57.00 60.00 OK
r-patched-linux-x86_64 0.2.0 1.42 16.99 18.41 NOTE
r-release-linux-x86_64 0.2.0 1.63 17.40 19.03 NOTE
r-release-macos-arm64 0.2.0 14.00 NOTE
r-release-macos-x86_64 0.2.0 20.00 NOTE
r-release-windows-x86_64 0.2.0 3.00 46.00 49.00 NOTE
r-oldrel-macos-arm64 0.2.0 15.00 NOTE
r-oldrel-macos-x86_64 0.2.0 22.00 NOTE
r-oldrel-windows-x86_64 0.2.0 2.00 52.00 54.00 NOTE

Check Details

Version: 0.2.0
Check: LazyData
Result: NOTE 'LazyData' is specified without a 'data' directory Flavors: r-patched-linux-x86_64, r-release-linux-x86_64, r-release-macos-arm64, r-release-macos-x86_64, r-release-windows-x86_64, r-oldrel-macos-arm64, r-oldrel-macos-x86_64, r-oldrel-windows-x86_64