Last updated on 2024-05-23 01:57:55 CEST.
Flavor | Version | Tinstall | Tcheck | Ttotal | Status | Flags |
---|---|---|---|---|---|---|
r-devel-linux-x86_64-debian-clang | 1.0.1 | 11.02 | 166.33 | 177.35 | OK | |
r-devel-linux-x86_64-debian-gcc | 1.0.1 | 7.94 | 123.28 | 131.22 | OK | |
r-devel-linux-x86_64-fedora-clang | 1.0.1 | 221.11 | OK | |||
r-devel-linux-x86_64-fedora-gcc | 1.0.1 | 209.08 | OK | |||
r-devel-windows-x86_64 | 1.0.1 | 9.00 | 133.00 | 142.00 | OK | |
r-patched-linux-x86_64 | 1.0.1 | 13.41 | 158.93 | 172.34 | OK | |
r-release-linux-x86_64 | 1.0.1 | 6.37 | 155.96 | 162.33 | OK | |
r-release-macos-arm64 | 1.0.1 | 62.00 | OK | |||
r-release-windows-x86_64 | 1.0.1 | 9.00 | 137.00 | 146.00 | OK | |
r-oldrel-macos-arm64 | 1.0.1 | 75.00 | OK | |||
r-oldrel-macos-x86_64 | 1.0.1 | 111.00 | NOTE | |||
r-oldrel-windows-x86_64 | 1.0.1 | 12.00 | 163.00 | 175.00 | OK |
Version: 1.0.1
Check: package dependencies
Result: NOTE
Package suggested but not available for checking: ‘MARSS’
Flavor: r-oldrel-macos-x86_64