Last updated on 2024-08-24 02:49:39 CEST.
Flavor | Version | Tinstall | Tcheck | Ttotal | Status | Flags |
---|---|---|---|---|---|---|
r-devel-linux-x86_64-debian-clang | 1.5.2 | 2.27 | 47.14 | 49.41 | OK | |
r-devel-linux-x86_64-debian-gcc | 1.5.2 | 1.95 | 33.87 | 35.82 | OK | |
r-devel-linux-x86_64-fedora-clang | 1.5.2 | 80.15 | OK | |||
r-devel-linux-x86_64-fedora-gcc | 1.5.2 | 90.04 | OK | |||
r-devel-windows-x86_64 | 1.5.2 | 4.00 | 146.00 | 150.00 | NOTE | |
r-patched-linux-x86_64 | 1.5.2 | 2.77 | 45.27 | 48.04 | OK | |
r-release-linux-x86_64 | 1.5.2 | 2.32 | 45.21 | 47.53 | OK | |
r-release-macos-arm64 | 1.5.2 | 110.00 | OK | |||
r-release-macos-x86_64 | 1.5.2 | 150.00 | OK | |||
r-release-windows-x86_64 | 1.5.2 | 4.00 | 145.00 | 149.00 | NOTE | |
r-oldrel-macos-arm64 | 1.5.2 | 111.00 | OK | |||
r-oldrel-macos-x86_64 | 1.5.2 | 122.00 | OK | |||
r-oldrel-windows-x86_64 | 1.5.2 | 5.00 | 155.00 | 160.00 | NOTE |
Version: 1.5.2
Check: package dependencies
Result: NOTE
Package suggested but not available for checking: 'doMC'
Flavors: r-devel-windows-x86_64, r-release-windows-x86_64, r-oldrel-windows-x86_64