Last updated on 2025-10-31 00:51:03 CET.
| Flavor | Version | Tinstall | Tcheck | Ttotal | Status | Flags | 
|---|---|---|---|---|---|---|
| r-devel-linux-x86_64-debian-clang | 1.2 | 1.52 | 19.82 | 21.34 | OK | |
| r-devel-linux-x86_64-debian-gcc | 1.2 | 1.35 | 16.61 | 17.96 | OK | |
| r-devel-linux-x86_64-fedora-clang | 1.2 | 31.43 | OK | |||
| r-devel-linux-x86_64-fedora-gcc | 1.2 | 28.85 | OK | |||
| r-devel-windows-x86_64 | 1.2 | 4.00 | 36.00 | 40.00 | OK | |
| r-patched-linux-x86_64 | 1.2 | 1.59 | 17.91 | 19.50 | OK | |
| r-release-linux-x86_64 | 1.2 | 1.60 | 18.01 | 19.61 | OK | |
| r-release-macos-arm64 | 1.2 | 1.00 | 14.00 | 15.00 | OK | |
| r-release-macos-x86_64 | 1.2 | 2.00 | 32.00 | 34.00 | OK | |
| r-release-windows-x86_64 | 1.2 | 6.00 | 39.00 | 45.00 | OK | |
| r-oldrel-macos-arm64 | 1.2 | 1.00 | 20.00 | 21.00 | NOTE | |
| r-oldrel-macos-x86_64 | 1.2 | 2.00 | 34.00 | 36.00 | NOTE | |
| r-oldrel-windows-x86_64 | 1.2 | 4.00 | 42.00 | 46.00 | NOTE | 
Version: 1.2
Check: installed package size
Result: NOTE
    installed size is  6.7Mb
    sub-directories of 1Mb or more:
      fonts   6.6Mb
Flavors: r-oldrel-macos-arm64, r-oldrel-macos-x86_64, r-oldrel-windows-x86_64