CRAN Package Check Results for Package focusedMDS

Last updated on 2025-02-22 00:49:45 CET.

Flavor Version Tinstall Tcheck Ttotal Status Flags
r-devel-linux-x86_64-debian-clang 1.3.3 2.53 22.39 24.92 OK
r-devel-linux-x86_64-debian-gcc 1.3.3 2.12 17.70 19.82 OK
r-devel-linux-x86_64-fedora-clang 1.3.3 38.82 OK
r-devel-linux-x86_64-fedora-gcc 1.3.3 37.37 OK
r-devel-macos-arm64 1.3.3 19.00 OK
r-devel-macos-x86_64 1.3.3 37.00 OK
r-devel-windows-x86_64 1.3.3 4.00 45.00 49.00 OK
r-patched-linux-x86_64 1.3.3 2.34 21.19 23.53 NOTE
r-release-linux-x86_64 1.3.3 2.51 21.40 23.91 NOTE
r-release-macos-arm64 1.3.3 15.00 NOTE
r-release-macos-x86_64 1.3.3 24.00 NOTE
r-release-windows-x86_64 1.3.3 5.00 43.00 48.00 NOTE
r-oldrel-macos-arm64 1.3.3 19.00 NOTE
r-oldrel-macos-x86_64 1.3.3 24.00 NOTE
r-oldrel-windows-x86_64 1.3.3 5.00 44.00 49.00 NOTE

Check Details

Version: 1.3.3
Check: LazyData
Result: NOTE 'LazyData' is specified without a 'data' directory Flavors: r-patched-linux-x86_64, r-release-linux-x86_64, r-release-macos-arm64, r-release-macos-x86_64, r-release-windows-x86_64, r-oldrel-macos-arm64, r-oldrel-macos-x86_64, r-oldrel-windows-x86_64