Last updated on 2025-10-31 00:51:03 CET.
| Flavor | Version | Tinstall | Tcheck | Ttotal | Status | Flags | 
|---|---|---|---|---|---|---|
| r-devel-linux-x86_64-debian-clang | 0.3-0.1 | 5.51 | 48.85 | 54.36 | NOTE | |
| r-devel-linux-x86_64-debian-gcc | 0.3-0.1 | 3.68 | 34.48 | 38.16 | NOTE | |
| r-devel-linux-x86_64-fedora-clang | 0.3-0.1 | 22.00 | 64.93 | 86.93 | NOTE | |
| r-devel-linux-x86_64-fedora-gcc | 0.3-0.1 | 24.00 | 56.76 | 80.76 | NOTE | |
| r-devel-windows-x86_64 | 0.3-0.1 | 6.00 | 66.00 | 72.00 | OK | |
| r-patched-linux-x86_64 | 0.3-0.1 | 6.30 | 46.14 | 52.44 | NOTE | |
| r-release-linux-x86_64 | 0.3-0.1 | 5.00 | 45.91 | 50.91 | NOTE | |
| r-release-macos-arm64 | 0.3-0.1 | 2.00 | 22.00 | 24.00 | OK | |
| r-release-macos-x86_64 | 0.3-0.1 | 4.00 | 41.00 | 45.00 | OK | |
| r-release-windows-x86_64 | 0.3-0.1 | 9.00 | 68.00 | 77.00 | OK | |
| r-oldrel-macos-arm64 | 0.3-0.1 | 2.00 | 22.00 | 24.00 | OK | |
| r-oldrel-macos-x86_64 | 0.3-0.1 | 4.00 | 33.00 | 37.00 | OK | |
| r-oldrel-windows-x86_64 | 0.3-0.1 | 9.00 | 77.00 | 86.00 | OK | 
Version: 0.3-0.1
Check: CRAN incoming feasibility
Result: NOTE
  Maintainer: ‘Gerald Jurasinski <gerald.jurasinski@uni-rostock.de>’
  
  No Authors@R field in DESCRIPTION.
  Please add one, modifying
    Authors@R: c(person(given = "Gerald",
                        family = "Jurasinski",
                        role = c("aut", "cre"),
                        email = "gerald.jurasinski@uni-rostock.de"),
                 person(given = "Franziska",
                        family = "Koebsch",
                        role = "aut"),
                 person(given = "Anke",
                        family = "Guenther",
                        role = "aut"),
                 person(given = "Sascha",
                        family = "Beetz",
                        role = "aut"))
  as necessary.
Flavors: r-devel-linux-x86_64-debian-clang, r-devel-linux-x86_64-debian-gcc
Version: 0.3-0.1
Check: for non-standard things in the check directory
Result: NOTE
  Found the following files/directories:
    ‘flux.CH4.txt’
Flavors: r-devel-linux-x86_64-debian-clang, r-devel-linux-x86_64-debian-gcc, r-devel-linux-x86_64-fedora-clang, r-devel-linux-x86_64-fedora-gcc, r-patched-linux-x86_64, r-release-linux-x86_64