Last updated on 2024-06-05 01:47:50 CEST.
Flavor | Version | Tinstall | Tcheck | Ttotal | Status | Flags |
---|---|---|---|---|---|---|
r-devel-linux-x86_64-debian-clang | 0.2.3 | 74.14 | 148.23 | 222.37 | NOTE | |
r-devel-linux-x86_64-debian-gcc | 0.2.3 | 52.44 | 108.49 | 160.93 | NOTE | |
r-devel-linux-x86_64-fedora-clang | 0.2.3 | 299.23 | NOTE | |||
r-devel-linux-x86_64-fedora-gcc | 0.2.3 | 292.09 | NOTE | |||
r-devel-windows-x86_64 | 0.2.3 | 60.00 | 131.00 | 191.00 | NOTE | |
r-patched-linux-x86_64 | 0.2.3 | 64.82 | 140.95 | 205.77 | NOTE | |
r-release-linux-x86_64 | 0.2.3 | 64.93 | 138.92 | 203.85 | NOTE | |
r-release-macos-arm64 | 0.2.3 | 65.00 | NOTE | |||
r-release-macos-x86_64 | 0.2.3 | 128.00 | NOTE | |||
r-release-windows-x86_64 | 0.2.3 | 59.00 | 132.00 | 191.00 | NOTE | |
r-oldrel-macos-arm64 | 0.2.3 | 76.00 | NOTE | |||
r-oldrel-macos-x86_64 | 0.2.3 | 138.00 | NOTE | |||
r-oldrel-windows-x86_64 | 0.2.3 | 74.00 | 174.00 | 248.00 | NOTE |
Version: 0.2.3
Check: C++ specification
Result: NOTE
Specified C++11: please drop specification unless essential
Flavors: r-devel-linux-x86_64-debian-clang, r-devel-linux-x86_64-debian-gcc, r-devel-linux-x86_64-fedora-clang, r-devel-linux-x86_64-fedora-gcc, r-devel-windows-x86_64, r-patched-linux-x86_64, r-release-linux-x86_64, r-release-macos-arm64, r-release-macos-x86_64, r-release-windows-x86_64, r-oldrel-macos-arm64, r-oldrel-macos-x86_64, r-oldrel-windows-x86_64