Last updated on 2025-02-22 00:49:45 CET.
Flavor | Version | Tinstall | Tcheck | Ttotal | Status | Flags |
---|---|---|---|---|---|---|
r-devel-linux-x86_64-debian-clang | 0.2.9 | 1.91 | 27.44 | 29.35 | OK | |
r-devel-linux-x86_64-debian-gcc | 0.2.9 | 1.57 | 22.61 | 24.18 | OK | |
r-devel-linux-x86_64-fedora-clang | 0.2.9 | 45.88 | OK | |||
r-devel-linux-x86_64-fedora-gcc | 0.2.9 | 44.46 | OK | |||
r-devel-macos-arm64 | 0.2.9 | 20.00 | OK | |||
r-devel-macos-x86_64 | 0.2.9 | 34.00 | OK | |||
r-devel-windows-x86_64 | 0.2.9 | 4.00 | 57.00 | 61.00 | OK | |
r-patched-linux-x86_64 | 0.2.9 | 1.94 | 25.68 | 27.62 | OK | |
r-release-linux-x86_64 | 0.2.9 | 1.76 | 25.83 | 27.59 | OK | |
r-release-macos-arm64 | 0.2.9 | 26.00 | OK | |||
r-release-macos-x86_64 | 0.2.9 | 27.00 | NOTE | |||
r-release-windows-x86_64 | 0.2.9 | 4.00 | 56.00 | 60.00 | OK | |
r-oldrel-macos-arm64 | 0.2.9 | 24.00 | OK | |||
r-oldrel-macos-x86_64 | 0.2.9 | 46.00 | OK | |||
r-oldrel-windows-x86_64 | 0.2.9 | 3.00 | 89.00 | 92.00 | OK |
Version: 0.2.9
Check: package dependencies
Result: NOTE
Package suggested but not available for checking: ‘arrow’
Flavor: r-release-macos-x86_64