Last updated on 2025-10-31 00:51:03 CET.
| Flavor | Version | Tinstall | Tcheck | Ttotal | Status | Flags | 
|---|---|---|---|---|---|---|
| r-devel-linux-x86_64-debian-clang | 1.1.2 | 341.96 | 205.32 | 547.28 | OK | |
| r-devel-linux-x86_64-debian-gcc | 1.1.2 | 320.07 | 179.27 | 499.34 | OK | |
| r-devel-linux-x86_64-fedora-clang | 1.1.2 | 390.00 | 574.38 | 964.38 | OK | |
| r-devel-linux-x86_64-fedora-gcc | 1.1.2 | 239.00 | 835.74 | 1074.74 | OK | |
| r-devel-windows-x86_64 | 1.1.2 | 372.00 | 266.00 | 638.00 | OK | |
| r-patched-linux-x86_64 | 1.1.2 | 420.47 | 247.61 | 668.08 | OK | |
| r-release-linux-x86_64 | 1.1.2 | 405.66 | 247.99 | 653.65 | OK | |
| r-release-macos-arm64 | 1.1.2 | 128.00 | 85.00 | 213.00 | OK | |
| r-release-macos-x86_64 | 1.1.2 | 113.00 | 135.00 | 248.00 | OK | |
| r-release-windows-x86_64 | 1.1.2 | 404.00 | 260.00 | 664.00 | OK | |
| r-oldrel-macos-arm64 | 1.1.2 | 125.00 | 80.00 | 205.00 | NOTE | |
| r-oldrel-macos-x86_64 | 1.1.2 | 105.00 | 158.00 | 263.00 | NOTE | |
| r-oldrel-windows-x86_64 | 1.1.2 | 466.00 | 316.00 | 782.00 | NOTE | 
Version: 1.1.2
Check: installed package size
Result: NOTE
    installed size is 61.5Mb
    sub-directories of 1Mb or more:
      data   1.9Mb
      libs  57.6Mb
Flavors: r-oldrel-macos-arm64, r-oldrel-macos-x86_64, r-oldrel-windows-x86_64