Last updated on 2024-07-22 01:49:22 CEST.
Flavor | Version | Tinstall | Tcheck | Ttotal | Status | Flags |
---|---|---|---|---|---|---|
r-devel-linux-x86_64-debian-clang | 1.4 | 12.87 | 107.86 | 120.73 | OK | |
r-devel-linux-x86_64-debian-gcc | 1.4 | 9.98 | 79.99 | 89.97 | OK | |
r-devel-linux-x86_64-fedora-clang | 1.4 | 162.90 | OK | |||
r-devel-linux-x86_64-fedora-gcc | 1.4 | 140.79 | OK | |||
r-devel-windows-x86_64 | 1.4 | 12.00 | 90.00 | 102.00 | OK | |
r-patched-linux-x86_64 | 1.4 | 12.20 | 101.71 | 113.91 | OK | |
r-release-linux-x86_64 | 1.4 | 14.11 | 103.87 | 117.98 | OK | |
r-release-macos-arm64 | 1.4 | 38.00 | OK | |||
r-release-macos-x86_64 | 1.4 | 67.00 | OK | |||
r-release-windows-x86_64 | 1.4 | 8.00 | 5.00 | 13.00 | ERROR | |
r-oldrel-macos-arm64 | 1.4 | 46.00 | OK | |||
r-oldrel-macos-x86_64 | 1.4 | 78.00 | OK | |||
r-oldrel-windows-x86_64 | 1.4 | 16.00 | 8.00 | 24.00 | ERROR |
Version: 1.4
Check: whether package can be installed
Result: ERROR
Installation failed.
Flavors: r-release-windows-x86_64, r-oldrel-windows-x86_64