Last updated on 2025-10-31 00:51:03 CET.
| Flavor | Version | Tinstall | Tcheck | Ttotal | Status | Flags | 
|---|---|---|---|---|---|---|
| r-devel-linux-x86_64-debian-clang | 1.1.1 | 221.34 | 85.45 | 306.79 | OK | |
| r-devel-linux-x86_64-debian-gcc | 1.1.1 | 150.13 | 58.83 | 208.96 | OK | |
| r-devel-linux-x86_64-fedora-clang | 1.1.1 | 330.00 | 137.09 | 467.09 | OK | |
| r-devel-linux-x86_64-fedora-gcc | 1.1.1 | 253.00 | 264.99 | 517.99 | OK | |
| r-devel-windows-x86_64 | 1.1.1 | 191.00 | 115.00 | 306.00 | OK | |
| r-patched-linux-x86_64 | 1.1.1 | 209.49 | 82.68 | 292.17 | OK | |
| r-release-linux-x86_64 | 1.1.1 | 200.27 | 80.76 | 281.03 | OK | |
| r-release-macos-arm64 | 1.1.1 | 91.00 | 37.00 | 128.00 | OK | |
| r-release-macos-x86_64 | 1.1.1 | 118.00 | 78.00 | 196.00 | OK | |
| r-release-windows-x86_64 | 1.1.1 | 192.00 | 112.00 | 304.00 | OK | |
| r-oldrel-macos-arm64 | 1.1.1 | 83.00 | 36.00 | 119.00 | NOTE | |
| r-oldrel-macos-x86_64 | 1.1.1 | 95.00 | 53.00 | 148.00 | NOTE | |
| r-oldrel-windows-x86_64 | 1.1.1 | 223.00 | 149.00 | 372.00 | OK | 
Version: 1.1.1
Check: installed package size
Result: NOTE
    installed size is 25.5Mb
    sub-directories of 1Mb or more:
      libs  25.1Mb
Flavors: r-oldrel-macos-arm64, r-oldrel-macos-x86_64