Last updated on 2025-10-31 00:51:03 CET.
| Flavor | Version | Tinstall | Tcheck | Ttotal | Status | Flags | 
|---|---|---|---|---|---|---|
| r-devel-linux-x86_64-debian-clang | 2.2 | 21.60 | 324.99 | 346.59 | NOTE | |
| r-devel-linux-x86_64-debian-gcc | 2.2 | 19.78 | 229.42 | 249.20 | NOTE | |
| r-devel-linux-x86_64-fedora-clang | 2.2 | 82.00 | 458.81 | 540.81 | OK | |
| r-devel-linux-x86_64-fedora-gcc | 2.2 | 72.00 | 454.06 | 526.06 | OK | |
| r-devel-windows-x86_64 | 2.2 | 23.00 | 274.00 | 297.00 | OK | |
| r-patched-linux-x86_64 | 2.2 | 21.76 | 315.34 | 337.10 | OK | |
| r-release-linux-x86_64 | 2.2 | 21.63 | 308.40 | 330.03 | OK | |
| r-release-macos-arm64 | 2.2 | 10.00 | 115.00 | 125.00 | OK | |
| r-release-macos-x86_64 | 2.2 | 26.00 | 237.00 | 263.00 | OK | |
| r-release-windows-x86_64 | 2.2 | 24.00 | 272.00 | 296.00 | OK | |
| r-oldrel-macos-arm64 | 2.2 | 10.00 | 117.00 | 127.00 | OK | |
| r-oldrel-macos-x86_64 | 2.2 | 15.00 | 162.00 | 177.00 | OK | |
| r-oldrel-windows-x86_64 | 2.2 | 25.00 | 393.00 | 418.00 | OK | 
Version: 2.2
Check: CRAN incoming feasibility
Result: NOTE
  Maintainer: ‘Riko Kelter <riko_k@gmx.de>’
  
  No Authors@R field in DESCRIPTION.
  Please add one, modifying
    Authors@R: person(given = "Riko",
                      family = "Kelter",
                      role = c("aut", "cre"),
                      email = "riko_k@gmx.de")
  as necessary.
Flavors: r-devel-linux-x86_64-debian-clang, r-devel-linux-x86_64-debian-gcc