Last updated on 2025-10-31 00:51:03 CET.
| Flavor | Version | Tinstall | Tcheck | Ttotal | Status | Flags | 
|---|---|---|---|---|---|---|
| r-devel-linux-x86_64-debian-clang | 1.1-0 | 1.98 | 18.46 | 20.44 | NOTE | |
| r-devel-linux-x86_64-debian-gcc | 1.1-0 | 1.83 | 14.96 | 16.79 | NOTE | |
| r-devel-linux-x86_64-fedora-clang | 1.1-0 | 30.08 | OK | |||
| r-devel-linux-x86_64-fedora-gcc | 1.1-0 | 28.76 | OK | |||
| r-devel-windows-x86_64 | 1.1-0 | 5.00 | 35.00 | 40.00 | OK | |
| r-patched-linux-x86_64 | 1.1-0 | 2.01 | 17.17 | 19.18 | OK | |
| r-release-linux-x86_64 | 1.1-0 | 2.05 | 17.09 | 19.14 | OK | |
| r-release-macos-arm64 | 1.1-0 | 3.00 | 14.00 | 17.00 | OK | |
| r-release-macos-x86_64 | 1.1-0 | 4.00 | 19.00 | 23.00 | OK | |
| r-release-windows-x86_64 | 1.1-0 | 5.00 | 45.00 | 50.00 | OK | |
| r-oldrel-macos-arm64 | 1.1-0 | 2.00 | 18.00 | 20.00 | OK | |
| r-oldrel-macos-x86_64 | 1.1-0 | 3.00 | 17.00 | 20.00 | OK | |
| r-oldrel-windows-x86_64 | 1.1-0 | 4.00 | 35.00 | 39.00 | OK | 
Version: 1.1-0
Check: CRAN incoming feasibility
Result: NOTE
  Maintainer: ‘Simon Urbanek <simon.urbanek@r-project.org>’
  
  No Authors@R field in DESCRIPTION.
  Please add one, modifying
    Authors@R: person(given = "Simon",
                      family = "Urbanek",
                      role = c("aut", "cre"),
                      email = "simon.urbanek@r-project.org")
  as necessary.
Flavors: r-devel-linux-x86_64-debian-clang, r-devel-linux-x86_64-debian-gcc