Last updated on 2025-10-01 02:54:15 CEST.
Flavor | Version | Tinstall | Tcheck | Ttotal | Status | Flags |
---|---|---|---|---|---|---|
r-devel-linux-x86_64-debian-clang | 0.5.1 | 21.58 | 88.39 | 109.97 | WARN | |
r-devel-linux-x86_64-debian-gcc | 0.6.0 | 13.99 | 65.43 | 79.42 | OK | |
r-devel-linux-x86_64-fedora-clang | 0.6.0 | 195.88 | OK | |||
r-devel-linux-x86_64-fedora-gcc | 0.6.0 | 154.50 | OK | |||
r-devel-windows-x86_64 | 0.5.1 | 30.00 | 113.00 | 143.00 | NOTE | |
r-patched-linux-x86_64 | 0.5.1 | 21.02 | 81.21 | 102.23 | NOTE | |
r-release-linux-x86_64 | 0.5.1 | 20.55 | 82.44 | 102.99 | NOTE | |
r-release-macos-arm64 | 0.5.1 | 58.00 | NOTE | |||
r-release-macos-x86_64 | 0.6.0 | 203.00 | OK | |||
r-release-windows-x86_64 | 0.6.0 | 28.00 | 114.00 | 142.00 | OK | |
r-oldrel-macos-arm64 | 0.5.1 | 41.00 | NOTE | |||
r-oldrel-macos-x86_64 | 0.6.0 | 212.00 | OK | |||
r-oldrel-windows-x86_64 | 0.5.1 | 34.00 | 142.00 | 176.00 | NOTE |
Version: 0.5.1
Check: whether package can be installed
Result: WARN
Found the following significant warnings:
/home/hornik/tmp/R.check/r-devel-clang/Work/build/Packages/RcppArmadillo/include/RcppArmadillo/version/arma.h:66:17: warning: Using fallback compilation with Armadillo 14.6.3. Please consider defining -DARMA_USE_CURRENT and also removing C++11 compilation directive. See GitHub issue #475 for more. [-W#pragma-messages]
See ‘/home/hornik/tmp/R.check/r-devel-clang/Work/PKGS/fastpos.Rcheck/00install.out’ for details.
* used C++ compiler: ‘Debian clang version 19.1.7 (3+b2)’
Flavor: r-devel-linux-x86_64-debian-clang
Version: 0.5.1
Check: C++ specification
Result: NOTE
Specified C++11: please drop specification unless essential
Flavors: r-devel-linux-x86_64-debian-clang, r-devel-windows-x86_64, r-patched-linux-x86_64, r-release-linux-x86_64, r-release-macos-arm64, r-oldrel-macos-arm64, r-oldrel-windows-x86_64