Last updated on 2025-10-31 00:51:03 CET.
| Flavor | Version | Tinstall | Tcheck | Ttotal | Status | Flags | 
|---|---|---|---|---|---|---|
| r-devel-linux-x86_64-debian-clang | 1.2.0 | 24.28 | 31.59 | 55.87 | NOTE | |
| r-devel-linux-x86_64-debian-gcc | 1.2.0 | 17.51 | 25.46 | 42.97 | NOTE | |
| r-devel-linux-x86_64-fedora-clang | 1.2.0 | 50.00 | 40.43 | 90.43 | NOTE | |
| r-devel-linux-x86_64-fedora-gcc | 1.2.0 | 46.00 | 43.01 | 89.01 | NOTE | |
| r-devel-windows-x86_64 | 1.2.0 | 27.00 | 67.00 | 94.00 | NOTE | |
| r-patched-linux-x86_64 | 1.2.0 | 23.99 | 31.60 | 55.59 | NOTE | |
| r-release-linux-x86_64 | 1.2.0 | 24.33 | 31.94 | 56.27 | NOTE | |
| r-release-macos-arm64 | 1.2.0 | 11.00 | 21.00 | 32.00 | NOTE | |
| r-release-macos-x86_64 | 1.2.0 | 19.00 | 35.00 | 54.00 | NOTE | |
| r-release-windows-x86_64 | 1.2.0 | 30.00 | 72.00 | 102.00 | NOTE | |
| r-oldrel-macos-arm64 | 1.2.0 | 11.00 | 17.00 | 28.00 | NOTE | |
| r-oldrel-macos-x86_64 | 1.2.0 | 14.00 | 25.00 | 39.00 | NOTE | |
| r-oldrel-windows-x86_64 | 1.2.0 | 32.00 | 85.00 | 117.00 | NOTE | 
Version: 1.2.0
Check: Rd files
Result: NOTE
  checkRd: (-1) eigen_compute_single_entry_of_diagonal_matrix.Rd:17: Lost braces; missing escapes or markup?
      17 | The value of m^{-1}_{j,j}
         |                ^
  checkRd: (-1) eigen_compute_single_entry_of_diagonal_matrix.Rd:17: Lost braces; missing escapes or markup?
      17 | The value of m^{-1}_{j,j}
         |                     ^
Flavors: r-devel-linux-x86_64-debian-clang, r-devel-linux-x86_64-debian-gcc, r-devel-linux-x86_64-fedora-clang, r-devel-linux-x86_64-fedora-gcc, r-devel-windows-x86_64, r-patched-linux-x86_64, r-release-linux-x86_64, r-release-macos-arm64, r-release-macos-x86_64, r-release-windows-x86_64, r-oldrel-macos-arm64, r-oldrel-macos-x86_64, r-oldrel-windows-x86_64
Version: 1.2.0
Check: installed package size
Result: NOTE
    installed size is  7.8Mb
    sub-directories of 1Mb or more:
      libs   7.6Mb
Flavors: r-oldrel-macos-arm64, r-oldrel-macos-x86_64