Last updated on 2025-10-31 00:51:03 CET.
| Flavor | Version | Tinstall | Tcheck | Ttotal | Status | Flags | 
|---|---|---|---|---|---|---|
| r-devel-linux-x86_64-debian-clang | 1.1.0 | 80.52 | 86.58 | 167.10 | OK | |
| r-devel-linux-x86_64-debian-gcc | 1.1.0 | 52.35 | 60.25 | 112.60 | OK | |
| r-devel-linux-x86_64-fedora-clang | 1.1.0 | 141.00 | 149.03 | 290.03 | OK | |
| r-devel-linux-x86_64-fedora-gcc | 1.1.0 | 95.00 | 188.70 | 283.70 | OK | |
| r-devel-windows-x86_64 | 1.1.0 | 88.00 | 125.00 | 213.00 | OK | |
| r-patched-linux-x86_64 | 1.1.0 | 85.84 | 82.11 | 167.95 | OK | |
| r-release-linux-x86_64 | 1.1.0 | 80.57 | 81.63 | 162.20 | OK | |
| r-release-macos-arm64 | 1.1.0 | 29.00 | 61.00 | 90.00 | OK | |
| r-release-macos-x86_64 | 1.1.0 | 29.00 | 91.00 | 120.00 | OK | |
| r-release-windows-x86_64 | 1.1.0 | 89.00 | 135.00 | 224.00 | OK | |
| r-oldrel-macos-arm64 | 1.1.0 | 29.00 | 47.00 | 76.00 | NOTE | |
| r-oldrel-macos-x86_64 | 1.1.0 | 26.00 | 66.00 | 92.00 | NOTE | |
| r-oldrel-windows-x86_64 | 1.1.0 | 106.00 | 159.00 | 265.00 | OK | 
Version: 1.1.0
Check: installed package size
Result: NOTE
    installed size is  7.6Mb
    sub-directories of 1Mb or more:
      doc    2.5Mb
      libs   4.7Mb
Flavors: r-oldrel-macos-arm64, r-oldrel-macos-x86_64