CRAN Package Check Results for Package facerec

Last updated on 2025-02-22 00:49:44 CET.

Flavor Version Tinstall Tcheck Ttotal Status Flags
r-devel-linux-x86_64-debian-clang 0.1.0 4.62 39.03 43.65 OK
r-devel-linux-x86_64-debian-gcc 0.1.0 3.28 28.76 32.04 OK
r-devel-linux-x86_64-fedora-clang 0.1.0 71.67 OK
r-devel-linux-x86_64-fedora-gcc 0.1.0 78.59 OK
r-devel-macos-arm64 0.1.0 32.00 OK
r-devel-macos-x86_64 0.1.0 55.00 OK
r-devel-windows-x86_64 0.1.0 7.00 59.00 66.00 OK
r-patched-linux-x86_64 0.1.0 4.61 36.24 40.85 NOTE
r-release-linux-x86_64 0.1.0 3.87 36.47 40.34 NOTE
r-release-macos-arm64 0.1.0 29.00 NOTE
r-release-macos-x86_64 0.1.0 43.00 NOTE
r-release-windows-x86_64 0.1.0 7.00 57.00 64.00 NOTE
r-oldrel-macos-arm64 0.1.0 30.00 NOTE
r-oldrel-macos-x86_64 0.1.0 43.00 NOTE
r-oldrel-windows-x86_64 0.1.0 7.00 89.00 96.00 NOTE

Check Details

Version: 0.1.0
Check: LazyData
Result: NOTE 'LazyData' is specified without a 'data' directory Flavors: r-patched-linux-x86_64, r-release-linux-x86_64, r-release-macos-arm64, r-release-macos-x86_64, r-release-windows-x86_64, r-oldrel-macos-arm64, r-oldrel-macos-x86_64, r-oldrel-windows-x86_64