Last updated on 2025-10-31 00:51:03 CET.
| Flavor | Version | Tinstall | Tcheck | Ttotal | Status | Flags | 
|---|---|---|---|---|---|---|
| r-devel-linux-x86_64-debian-clang | 0.2.2 | 9.75 | 404.17 | 413.92 | OK | |
| r-devel-linux-x86_64-debian-gcc | 0.2.2 | 6.73 | 269.94 | 276.67 | OK | |
| r-devel-linux-x86_64-fedora-clang | 0.2.2 | 21.00 | 630.42 | 651.42 | NOTE | |
| r-devel-linux-x86_64-fedora-gcc | 0.2.2 | 21.00 | 612.30 | 633.30 | NOTE | |
| r-devel-windows-x86_64 | 0.2.2 | 10.00 | 338.00 | 348.00 | OK | |
| r-patched-linux-x86_64 | 0.2.2 | 10.67 | 383.38 | 394.05 | OK | |
| r-release-linux-x86_64 | 0.2.2 | 8.04 | 381.46 | 389.50 | OK | |
| r-release-macos-arm64 | 0.2.2 | 4.00 | 173.00 | 177.00 | OK | |
| r-release-macos-x86_64 | 0.2.2 | 8.00 | 333.00 | 341.00 | OK | |
| r-release-windows-x86_64 | 0.2.2 | 12.00 | 341.00 | 353.00 | OK | |
| r-oldrel-macos-arm64 | 0.2.2 | 4.00 | 170.00 | 174.00 | OK | |
| r-oldrel-macos-x86_64 | 0.2.2 | 6.00 | 342.00 | 348.00 | OK | |
| r-oldrel-windows-x86_64 | 0.2.2 | 16.00 | 509.00 | 525.00 | NOTE | 
Version: 0.2.2
Check: dependencies in R code
Result: NOTE
  Namespace in Imports field not imported from: ‘rlang’
    All declared Imports should be used.
Flavors: r-devel-linux-x86_64-fedora-clang, r-devel-linux-x86_64-fedora-gcc
Version: 0.2.2
Check: package dependencies
Result: NOTE
  Package suggested but not available for checking: 'doMC'
Flavor: r-oldrel-windows-x86_64