Last updated on 2024-07-22 01:49:22 CEST.
Flavor | Version | Tinstall | Tcheck | Ttotal | Status | Flags |
---|---|---|---|---|---|---|
r-devel-linux-x86_64-debian-clang | 0.3.0 | 6.00 | 69.76 | 75.76 | NOTE | |
r-devel-linux-x86_64-debian-gcc | 0.3.0 | 6.00 | 51.13 | 57.13 | NOTE | |
r-devel-linux-x86_64-fedora-clang | 0.3.0 | 97.78 | NOTE | |||
r-devel-linux-x86_64-fedora-gcc | 0.3.0 | 94.25 | NOTE | |||
r-devel-windows-x86_64 | 0.3.0 | 8.00 | 90.00 | 98.00 | NOTE | |
r-patched-linux-x86_64 | 0.3.0 | 8.66 | 66.38 | 75.04 | NOTE | |
r-release-linux-x86_64 | 0.3.0 | 7.39 | 63.34 | 70.73 | NOTE | |
r-release-macos-arm64 | 0.3.0 | 26.00 | NOTE | |||
r-release-macos-x86_64 | 0.3.0 | 50.00 | NOTE | |||
r-release-windows-x86_64 | 0.3.0 | 8.00 | 90.00 | 98.00 | NOTE | |
r-oldrel-macos-arm64 | 0.3.0 | 30.00 | NOTE | |||
r-oldrel-macos-x86_64 | 0.3.0 | 44.00 | NOTE | |||
r-oldrel-windows-x86_64 | 0.3.0 | 10.00 | 102.00 | 112.00 | NOTE |
Version: 0.3.0
Check: Rd files
Result: NOTE
checkRd: (-1) stop_rule.Rd:20: Lost braces in \itemize; \value handles \item{}{} directly
checkRd: (-1) stop_rule.Rd:21: Lost braces in \itemize; \value handles \item{}{} directly
checkRd: (-1) stop_rule.Rd:22: Lost braces in \itemize; \value handles \item{}{} directly
checkRd: (-1) stop_rule.Rd:23: Lost braces in \itemize; \value handles \item{}{} directly
Flavors: r-devel-linux-x86_64-debian-clang, r-devel-linux-x86_64-debian-gcc, r-devel-linux-x86_64-fedora-clang, r-devel-linux-x86_64-fedora-gcc, r-devel-windows-x86_64, r-patched-linux-x86_64, r-release-linux-x86_64, r-release-macos-arm64, r-release-macos-x86_64, r-release-windows-x86_64
Version: 0.3.0
Check: LazyData
Result: NOTE
'LazyData' is specified without a 'data' directory
Flavors: r-devel-linux-x86_64-debian-clang, r-devel-linux-x86_64-debian-gcc, r-devel-linux-x86_64-fedora-clang, r-devel-linux-x86_64-fedora-gcc, r-devel-windows-x86_64, r-patched-linux-x86_64, r-release-linux-x86_64, r-release-macos-arm64, r-release-macos-x86_64, r-release-windows-x86_64, r-oldrel-macos-arm64, r-oldrel-macos-x86_64, r-oldrel-windows-x86_64
Version: 0.3.0
Check: dependencies in R code
Result: NOTE
Namespace in Imports field not imported from: ‘parallel’
All declared Imports should be used.
Flavors: r-devel-linux-x86_64-fedora-clang, r-devel-linux-x86_64-fedora-gcc