Last updated on 2025-10-31 00:51:02 CET.
| Flavor | Version | Tinstall | Tcheck | Ttotal | Status | Flags | 
|---|---|---|---|---|---|---|
| r-devel-linux-x86_64-debian-clang | 1.3.1 | 10.36 | 81.19 | 91.55 | NOTE | |
| r-devel-linux-x86_64-debian-gcc | 1.3.1 | 5.54 | 58.12 | 63.66 | NOTE | |
| r-devel-linux-x86_64-fedora-clang | 1.3.1 | 20.00 | 118.75 | 138.75 | OK | |
| r-devel-linux-x86_64-fedora-gcc | 1.3.1 | 20.00 | 125.97 | 145.97 | OK | |
| r-devel-windows-x86_64 | 1.3.1 | 11.00 | 89.00 | 100.00 | OK | |
| r-patched-linux-x86_64 | 1.3.1 | 8.31 | 74.66 | 82.97 | OK | |
| r-release-linux-x86_64 | 1.3.1 | 8.93 | 77.15 | 86.08 | OK | |
| r-release-macos-arm64 | 1.3.1 | 5.00 | 63.00 | 68.00 | OK | |
| r-release-macos-x86_64 | 1.3.1 | 8.00 | 74.00 | 82.00 | OK | |
| r-release-windows-x86_64 | 1.3.1 | 11.00 | 91.00 | 102.00 | OK | |
| r-oldrel-macos-arm64 | 1.3.1 | 4.00 | 41.00 | 45.00 | OK | |
| r-oldrel-macos-x86_64 | 1.3.1 | 6.00 | 57.00 | 63.00 | OK | |
| r-oldrel-windows-x86_64 | 1.3.1 | 15.00 | 116.00 | 131.00 | OK | 
Version: 1.3.1
Check: CRAN incoming feasibility
Result: NOTE
  Maintainer: ‘Andreas Schulz <ades-s@web.de>’
  
  No Authors@R field in DESCRIPTION.
  Please add one, modifying
    Authors@R: person(given = "Andreas",
                      family = "Schulz",
                      role = c("aut", "cre"),
                      email = "ades-s@web.de")
  as necessary.
Flavors: r-devel-linux-x86_64-debian-clang, r-devel-linux-x86_64-debian-gcc