Last updated on 2024-06-16 01:49:26 CEST.
Flavor | Version | Tinstall | Tcheck | Ttotal | Status | Flags |
---|---|---|---|---|---|---|
r-devel-linux-x86_64-debian-clang | 4.1.0 | 12.65 | 450.09 | 462.74 | NOTE | |
r-devel-linux-x86_64-debian-gcc | 4.1.0 | 11.16 | 398.21 | 409.37 | NOTE | |
r-devel-linux-x86_64-fedora-clang | 4.1.0 | 497.67 | NOTE | |||
r-devel-linux-x86_64-fedora-gcc | 4.1.0 | 423.33 | NOTE | |||
r-devel-windows-x86_64 | 4.1.0 | 15.00 | 269.00 | 284.00 | NOTE | |
r-patched-linux-x86_64 | 4.1.0 | 21.59 | 349.06 | 370.65 | NOTE | |
r-release-linux-x86_64 | 4.1.0 | 13.59 | 318.86 | 332.45 | NOTE | |
r-release-macos-arm64 | 4.1.0 | 209.00 | NOTE | |||
r-release-macos-x86_64 | 4.1.0 | 349.00 | NOTE | |||
r-release-windows-x86_64 | 4.1.0 | 16.00 | 321.00 | 337.00 | NOTE | |
r-oldrel-macos-arm64 | 4.1.0 | 239.00 | OK | |||
r-oldrel-macos-x86_64 | 4.1.0 | 314.00 | OK | |||
r-oldrel-windows-x86_64 | 4.1.0 | 18.00 | 601.00 | 619.00 | OK |
Version: 4.1.0
Check: Rd files
Result: NOTE
checkRd: (-1) ergm.rank-package.Rd:42: Lost braces
42 | 1100-1128. c("\\Sexpr[results=rd,stage=build]{tools:::Rd_expr_doi(\"#1\")}",
| ^
Flavors: r-devel-linux-x86_64-debian-clang, r-devel-linux-x86_64-debian-gcc, r-devel-linux-x86_64-fedora-clang, r-devel-linux-x86_64-fedora-gcc, r-devel-windows-x86_64, r-patched-linux-x86_64, r-release-linux-x86_64, r-release-macos-arm64, r-release-macos-x86_64, r-release-windows-x86_64