Last updated on 2024-06-06 02:55:20 CEST.
Flavor | Version | Tinstall | Tcheck | Ttotal | Status | Flags |
---|---|---|---|---|---|---|
r-devel-linux-x86_64-debian-clang | 2.0.8 | 7.99 | 109.91 | 117.90 | NOTE | |
r-devel-linux-x86_64-debian-gcc | 2.0.8 | 5.32 | 75.60 | 80.92 | NOTE | |
r-devel-linux-x86_64-fedora-clang | 2.0.8 | 141.76 | NOTE | |||
r-devel-linux-x86_64-fedora-gcc | 2.0.8 | 149.25 | NOTE | |||
r-devel-windows-x86_64 | 2.0.8 | 5.00 | 90.00 | 95.00 | NOTE | |
r-patched-linux-x86_64 | 2.0.8 | 7.62 | 98.28 | 105.90 | NOTE | |
r-release-linux-x86_64 | 2.0.8 | 7.03 | 104.63 | 111.66 | NOTE | |
r-release-macos-arm64 | 2.0.8 | 40.00 | NOTE | |||
r-release-macos-x86_64 | 2.0.8 | 63.00 | NOTE | |||
r-release-windows-x86_64 | 2.0.8 | 6.00 | 90.00 | 96.00 | NOTE | |
r-oldrel-macos-arm64 | 2.0.8 | 43.00 | NOTE | |||
r-oldrel-macos-x86_64 | 2.0.8 | 71.00 | NOTE | |||
r-oldrel-windows-x86_64 | 2.0.8 | 7.00 | 135.00 | 142.00 | NOTE |
Version: 2.0.8
Check: package subdirectories
Result: NOTE
Problems with news in ‘NEWS.md’:
No news entries found.
Flavors: r-devel-linux-x86_64-debian-clang, r-devel-linux-x86_64-debian-gcc, r-devel-linux-x86_64-fedora-clang, r-devel-linux-x86_64-fedora-gcc, r-devel-windows-x86_64, r-patched-linux-x86_64, r-release-linux-x86_64, r-release-macos-arm64, r-release-macos-x86_64, r-release-windows-x86_64, r-oldrel-macos-arm64, r-oldrel-macos-x86_64, r-oldrel-windows-x86_64